{"id":1031,"date":"2024-08-14T14:37:07","date_gmt":"2024-08-14T14:37:07","guid":{"rendered":"https:\/\/mavinil.es\/?page_id=1031"},"modified":"2024-09-10T17:40:57","modified_gmt":"2024-09-10T17:40:57","slug":"autres-activites-fra","status":"publish","type":"page","link":"https:\/\/mavinil.es\/index.php\/fr\/autres-activites-fra\/","title":{"rendered":"Altres activitats &#8211; FRA"},"content":{"rendered":"\n<div class=\"wp-block-group alignfull has-global-padding is-layout-constrained wp-block-group-is-layout-constrained\" style=\"margin-bottom:50px\">\n<div class=\"wp-block-columns alignfull is-layout-flex wp-container-core-columns-is-layout-1 wp-block-columns-is-layout-flex\">\n<div class=\"wp-block-column is-vertically-aligned-top is-layout-flow wp-block-column-is-layout-flow\">\n<figure class=\"wp-block-image alignfull size-full\"><img loading=\"lazy\" decoding=\"async\" width=\"2500\" height=\"800\" src=\"https:\/\/mavinil.es\/wp-content\/uploads\/2024\/08\/altres.jpg\" alt=\"\" class=\"wp-image-723\" srcset=\"https:\/\/mavinil.es\/wp-content\/uploads\/2024\/08\/altres.jpg 2500w, https:\/\/mavinil.es\/wp-content\/uploads\/2024\/08\/altres-300x96.jpg 300w, https:\/\/mavinil.es\/wp-content\/uploads\/2024\/08\/altres-1024x328.jpg 1024w, https:\/\/mavinil.es\/wp-content\/uploads\/2024\/08\/altres-768x246.jpg 768w, https:\/\/mavinil.es\/wp-content\/uploads\/2024\/08\/altres-1536x492.jpg 1536w, https:\/\/mavinil.es\/wp-content\/uploads\/2024\/08\/altres-2048x655.jpg 2048w, https:\/\/mavinil.es\/wp-content\/uploads\/2024\/08\/altres-18x6.jpg 18w\" sizes=\"auto, (max-width: 2500px) 100vw, 2500px\" \/><\/figure>\n<\/div>\n<\/div>\n<\/div>\n\n\n\n<div class=\"wp-block-group has-global-padding is-layout-constrained wp-block-group-is-layout-constrained\">\n<div class=\"wp-block-group is-nowrap is-layout-flex wp-container-core-group-is-layout-2 wp-block-group-is-layout-flex\">\n<figure class=\"wp-block-image size-full is-resized\"><img loading=\"lazy\" decoding=\"async\" width=\"249\" height=\"248\" src=\"https:\/\/mavinil.es\/wp-content\/uploads\/2024\/08\/icones-apartats-250-PX_Mesa-de-trabajo-1-copia-3.png\" alt=\"\" class=\"wp-image-327\" style=\"width:120px\" srcset=\"https:\/\/mavinil.es\/wp-content\/uploads\/2024\/08\/icones-apartats-250-PX_Mesa-de-trabajo-1-copia-3.png 249w, https:\/\/mavinil.es\/wp-content\/uploads\/2024\/08\/icones-apartats-250-PX_Mesa-de-trabajo-1-copia-3-150x150.png 150w, https:\/\/mavinil.es\/wp-content\/uploads\/2024\/08\/icones-apartats-250-PX_Mesa-de-trabajo-1-copia-3-12x12.png 12w\" sizes=\"auto, (max-width: 249px) 100vw, 249px\" \/><\/figure>\n\n\n\n<h2 class=\"wp-block-heading has-custom-color-4-color has-text-color has-link-color wp-elements-cb425c4e7d64ab79657829237866999e\">Autres activit\u00e9s<\/h2>\n<\/div>\n\n\n\n<div class=\"wp-block-columns is-layout-flex wp-container-core-columns-is-layout-2 wp-block-columns-is-layout-flex\">\n<div class=\"wp-block-column is-layout-flow wp-block-column-is-layout-flow\">\n<p>La derni\u00e8re activit\u00e9 de Mavinil SA consiste \u00e0 acheter des r\u00e9sidus en PVC (restes de conduites, feuilles de PVC, profil\u00e9s, etc.) pour les traiter dans notre usine afin d\u2019obtenir un produit pr\u00eat \u00e0 \u00eatre r\u00e9utilis\u00e9 dans diverses applications, comme les coudes d\u2019\u00e9vacuation, les pochettes, etc.<\/p>\n\n\n\n<p>Une fois le PVC trait\u00e9 dans notre usine, les entreprises int\u00e9ress\u00e9es peuvent l\u2019acheter pour le r\u00e9utiliser dans tout type de produit \u00e0 base de PVC.<\/p>\n\n\n\n<p>Cette activit\u00e9 nous permet de traiter des mat\u00e9riaux en PVC contenant d\u2019autres polym\u00e8res (PET, PP, PS, etc).<\/p>\n<\/div>\n\n\n\n<div class=\"wp-block-column is-layout-flow wp-block-column-is-layout-flow\">\n<figure class=\"wp-block-image size-full\"><img loading=\"lazy\" decoding=\"async\" width=\"600\" height=\"572\" src=\"https:\/\/mavinil.es\/wp-content\/uploads\/2024\/08\/Altres-activitats_1-600PX.jpg\" alt=\"\" class=\"wp-image-317\" srcset=\"https:\/\/mavinil.es\/wp-content\/uploads\/2024\/08\/Altres-activitats_1-600PX.jpg 600w, https:\/\/mavinil.es\/wp-content\/uploads\/2024\/08\/Altres-activitats_1-600PX-300x286.jpg 300w, https:\/\/mavinil.es\/wp-content\/uploads\/2024\/08\/Altres-activitats_1-600PX-13x12.jpg 13w\" sizes=\"auto, (max-width: 600px) 100vw, 600px\" \/><\/figure>\n<\/div>\n<\/div>\n\n\n\n<div class=\"wp-block-columns is-layout-flex wp-container-core-columns-is-layout-3 wp-block-columns-is-layout-flex\">\n<div class=\"wp-block-column is-layout-flow wp-block-column-is-layout-flow\">\n<figure class=\"wp-block-image size-full\"><img loading=\"lazy\" decoding=\"async\" width=\"600\" height=\"500\" src=\"https:\/\/mavinil.es\/wp-content\/uploads\/2024\/08\/Altres-activitats_2-600PX.jpg\" alt=\"\" class=\"wp-image-318\" srcset=\"https:\/\/mavinil.es\/wp-content\/uploads\/2024\/08\/Altres-activitats_2-600PX.jpg 600w, https:\/\/mavinil.es\/wp-content\/uploads\/2024\/08\/Altres-activitats_2-600PX-300x250.jpg 300w, https:\/\/mavinil.es\/wp-content\/uploads\/2024\/08\/Altres-activitats_2-600PX-14x12.jpg 14w\" sizes=\"auto, (max-width: 600px) 100vw, 600px\" \/><\/figure>\n<\/div>\n\n\n\n<div class=\"wp-block-column is-layout-flow wp-block-column-is-layout-flow\">\n<figure class=\"wp-block-image size-full\"><img loading=\"lazy\" decoding=\"async\" width=\"600\" height=\"422\" src=\"https:\/\/mavinil.es\/wp-content\/uploads\/2024\/08\/Altres-activitats_3-600PX.jpg\" alt=\"\" class=\"wp-image-319\" style=\"object-fit:cover\" srcset=\"https:\/\/mavinil.es\/wp-content\/uploads\/2024\/08\/Altres-activitats_3-600PX.jpg 600w, https:\/\/mavinil.es\/wp-content\/uploads\/2024\/08\/Altres-activitats_3-600PX-300x211.jpg 300w, https:\/\/mavinil.es\/wp-content\/uploads\/2024\/08\/Altres-activitats_3-600PX-18x12.jpg 18w\" sizes=\"auto, (max-width: 600px) 100vw, 600px\" \/><\/figure>\n\n\n\n<p><strong>Gr\u00e2ce \u00e0 notre technologie propre, nous pouvons s\u00e9parer ces polym\u00e8res diff\u00e9rents du PVC et obtenir un produit adapt\u00e9 aux secteurs de l\u2019injection, du calandrage ou de l\u2019extrusion.<\/strong><\/p>\n<\/div>\n<\/div>\n<\/div>\n","protected":false},"excerpt":{"rendered":"<p>Autres activit\u00e9s La derni\u00e8re activit\u00e9 de Mavinil SA consiste \u00e0 acheter des r\u00e9sidus en PVC (restes de conduites, feuilles de PVC, profil\u00e9s, etc.) pour les traiter dans notre usine afin d\u2019obtenir un produit pr\u00eat \u00e0 \u00eatre r\u00e9utilis\u00e9 dans diverses applications, comme les coudes d\u2019\u00e9vacuation, les pochettes, etc. Une fois le PVC trait\u00e9 dans notre usine, [&hellip;]<\/p>\n","protected":false},"author":1,"featured_media":0,"parent":0,"menu_order":5,"comment_status":"closed","ping_status":"closed","template":"wp-custom-template-p-gina-sense-t-tol-fra","meta":{"footnotes":""},"class_list":["post-1031","page","type-page","status-publish","hentry"],"_links":{"self":[{"href":"https:\/\/mavinil.es\/index.php\/wp-json\/wp\/v2\/pages\/1031","targetHints":{"allow":["GET"]}}],"collection":[{"href":"https:\/\/mavinil.es\/index.php\/wp-json\/wp\/v2\/pages"}],"about":[{"href":"https:\/\/mavinil.es\/index.php\/wp-json\/wp\/v2\/types\/page"}],"author":[{"embeddable":true,"href":"https:\/\/mavinil.es\/index.php\/wp-json\/wp\/v2\/users\/1"}],"replies":[{"embeddable":true,"href":"https:\/\/mavinil.es\/index.php\/wp-json\/wp\/v2\/comments?post=1031"}],"version-history":[{"count":4,"href":"https:\/\/mavinil.es\/index.php\/wp-json\/wp\/v2\/pages\/1031\/revisions"}],"predecessor-version":[{"id":1230,"href":"https:\/\/mavinil.es\/index.php\/wp-json\/wp\/v2\/pages\/1031\/revisions\/1230"}],"wp:attachment":[{"href":"https:\/\/mavinil.es\/index.php\/wp-json\/wp\/v2\/media?parent=1031"}],"curies":[{"name":"wp","href":"https:\/\/api.w.org\/{rel}","templated":true}]}}