{"id":1037,"date":"2024-08-14T14:46:42","date_gmt":"2024-08-14T14:46:42","guid":{"rendered":"https:\/\/mavinil.es\/?page_id=1037"},"modified":"2024-09-10T17:52:26","modified_gmt":"2024-09-10T17:52:26","slug":"sostenibilite-fra","status":"publish","type":"page","link":"https:\/\/mavinil.es\/index.php\/fr\/sostenibilite-fra\/","title":{"rendered":"Sostenibilitat &#8211; FRA"},"content":{"rendered":"\n<div class=\"wp-block-group alignfull has-global-padding is-layout-constrained wp-block-group-is-layout-constrained\" style=\"margin-bottom:50px\">\n<div class=\"wp-block-columns alignfull is-layout-flex wp-container-core-columns-is-layout-1 wp-block-columns-is-layout-flex\">\n<div class=\"wp-block-column is-vertically-aligned-top is-layout-flow wp-block-column-is-layout-flow\">\n<figure class=\"wp-block-image alignfull size-full\"><img loading=\"lazy\" decoding=\"async\" width=\"2500\" height=\"800\" src=\"https:\/\/mavinil.es\/wp-content\/uploads\/2024\/08\/sostenibilitat.jpg\" alt=\"\" class=\"wp-image-708\" srcset=\"https:\/\/mavinil.es\/wp-content\/uploads\/2024\/08\/sostenibilitat.jpg 2500w, https:\/\/mavinil.es\/wp-content\/uploads\/2024\/08\/sostenibilitat-300x96.jpg 300w, https:\/\/mavinil.es\/wp-content\/uploads\/2024\/08\/sostenibilitat-1024x328.jpg 1024w, https:\/\/mavinil.es\/wp-content\/uploads\/2024\/08\/sostenibilitat-768x246.jpg 768w, https:\/\/mavinil.es\/wp-content\/uploads\/2024\/08\/sostenibilitat-1536x492.jpg 1536w, https:\/\/mavinil.es\/wp-content\/uploads\/2024\/08\/sostenibilitat-2048x655.jpg 2048w, https:\/\/mavinil.es\/wp-content\/uploads\/2024\/08\/sostenibilitat-18x6.jpg 18w\" sizes=\"auto, (max-width: 2500px) 100vw, 2500px\" \/><\/figure>\n<\/div>\n<\/div>\n<\/div>\n\n\n\n<div class=\"wp-block-group has-global-padding is-layout-constrained wp-block-group-is-layout-constrained\">\n<div class=\"wp-block-group is-nowrap is-layout-flex wp-container-core-group-is-layout-2 wp-block-group-is-layout-flex\">\n<figure class=\"wp-block-image size-full is-resized\"><img loading=\"lazy\" decoding=\"async\" width=\"249\" height=\"248\" src=\"https:\/\/mavinil.es\/wp-content\/uploads\/2024\/08\/icones-apartats-250-PX_Mesa-de-trabajo-1-copia-5.png\" alt=\"\" class=\"wp-image-329\" style=\"width:120px\" srcset=\"https:\/\/mavinil.es\/wp-content\/uploads\/2024\/08\/icones-apartats-250-PX_Mesa-de-trabajo-1-copia-5.png 249w, https:\/\/mavinil.es\/wp-content\/uploads\/2024\/08\/icones-apartats-250-PX_Mesa-de-trabajo-1-copia-5-150x150.png 150w, https:\/\/mavinil.es\/wp-content\/uploads\/2024\/08\/icones-apartats-250-PX_Mesa-de-trabajo-1-copia-5-12x12.png 12w\" sizes=\"auto, (max-width: 249px) 100vw, 249px\" \/><\/figure>\n\n\n\n<h2 class=\"wp-block-heading has-custom-color-9-color has-text-color has-link-color wp-elements-14f9d4550e53bb4c4fbdde330cf66207\">Durabilit\u00e9<\/h2>\n<\/div>\n\n\n\n<div class=\"wp-block-columns is-layout-flex wp-container-core-columns-is-layout-2 wp-block-columns-is-layout-flex\">\n<div class=\"wp-block-column is-layout-flow wp-block-column-is-layout-flow\" style=\"flex-basis:50%\">\n<p>Depuis 1980, en tant qu\u2019industrie du recyclage de mati\u00e8res plastiques, nous nous consacrons au d\u00e9veloppement et \u00e0 l\u2019innovation de nouvelles technologies afin d\u2019augmenter le rendement et de r\u00e9duire les d\u00e9penses \u00e9nerg\u00e9tiques.<\/p>\n\n\n\n<p class=\"has-accent-3-color has-text-color has-link-color wp-elements-ca76850ba495e00ee0301e28540e3695\" style=\"padding-top:0px;padding-bottom:0px;font-size:clamp(14px, 0.875rem + ((1vw - 3.2px) * 0.732), 20px);font-style:normal;font-weight:700\">Engag\u00e9s envers la durabilit\u00e9.<\/p>\n\n\n\n<p style=\"margin-top:0px;margin-bottom:0px;padding-top:0px;padding-bottom:0px\"><strong>Nous encourageons la croissance \u00e9conomique durable, l\u2019\u00e9quilibre environnemental et la responsabilit\u00e9 sociale.<\/strong><\/p>\n\n\n\n<p>Mavinil propose des solutions innovantes pour donner une seconde chance aux produits plastiques qui ont atteint la fin de leur vie utile.<\/p>\n\n\n\n<p>Gr\u00e2ce \u00e0 notre laboratoire R&amp;D, nous parvenons \u00e0 am\u00e9liorer la couleur des produits recycl\u00e9s pour les rendre plus attractifs sur le march\u00e9, et nous contribuons \u00e0 la pr\u00e9servation de l\u2019environnement.<\/p>\n\n\n\n<p>Le syst\u00e8me que nous employons pour le traitement de s\u00e9paration des fibres est enti\u00e8rement m\u00e9canique, sans aucun produit chimique.<\/p>\n<\/div>\n\n\n\n<div class=\"wp-block-column is-layout-flow wp-block-column-is-layout-flow\" style=\"flex-basis:50%\">\n<figure class=\"wp-block-image size-full\"><img loading=\"lazy\" decoding=\"async\" width=\"598\" height=\"598\" src=\"https:\/\/mavinil.es\/wp-content\/uploads\/2024\/08\/FOTOS-PORTADA-600PX_Sostenibilitat.jpg\" alt=\"\" class=\"wp-image-222\" srcset=\"https:\/\/mavinil.es\/wp-content\/uploads\/2024\/08\/FOTOS-PORTADA-600PX_Sostenibilitat.jpg 598w, https:\/\/mavinil.es\/wp-content\/uploads\/2024\/08\/FOTOS-PORTADA-600PX_Sostenibilitat-300x300.jpg 300w, https:\/\/mavinil.es\/wp-content\/uploads\/2024\/08\/FOTOS-PORTADA-600PX_Sostenibilitat-150x150.jpg 150w, https:\/\/mavinil.es\/wp-content\/uploads\/2024\/08\/FOTOS-PORTADA-600PX_Sostenibilitat-12x12.jpg 12w\" sizes=\"auto, (max-width: 598px) 100vw, 598px\" \/><\/figure>\n<\/div>\n<\/div>\n<\/div>\n","protected":false},"excerpt":{"rendered":"<p>Durabilit\u00e9 Depuis 1980, en tant qu\u2019industrie du recyclage de mati\u00e8res plastiques, nous nous consacrons au d\u00e9veloppement et \u00e0 l\u2019innovation de nouvelles technologies afin d\u2019augmenter le rendement et de r\u00e9duire les d\u00e9penses \u00e9nerg\u00e9tiques. Engag\u00e9s envers la durabilit\u00e9. Nous encourageons la croissance \u00e9conomique durable, l\u2019\u00e9quilibre environnemental et la responsabilit\u00e9 sociale. Mavinil propose des solutions innovantes pour donner [&hellip;]<\/p>\n","protected":false},"author":1,"featured_media":0,"parent":0,"menu_order":10,"comment_status":"closed","ping_status":"closed","template":"wp-custom-template-p-gina-sense-t-tol-fra","meta":{"footnotes":""},"class_list":["post-1037","page","type-page","status-publish","hentry"],"_links":{"self":[{"href":"https:\/\/mavinil.es\/index.php\/wp-json\/wp\/v2\/pages\/1037","targetHints":{"allow":["GET"]}}],"collection":[{"href":"https:\/\/mavinil.es\/index.php\/wp-json\/wp\/v2\/pages"}],"about":[{"href":"https:\/\/mavinil.es\/index.php\/wp-json\/wp\/v2\/types\/page"}],"author":[{"embeddable":true,"href":"https:\/\/mavinil.es\/index.php\/wp-json\/wp\/v2\/users\/1"}],"replies":[{"embeddable":true,"href":"https:\/\/mavinil.es\/index.php\/wp-json\/wp\/v2\/comments?post=1037"}],"version-history":[{"count":5,"href":"https:\/\/mavinil.es\/index.php\/wp-json\/wp\/v2\/pages\/1037\/revisions"}],"predecessor-version":[{"id":1241,"href":"https:\/\/mavinil.es\/index.php\/wp-json\/wp\/v2\/pages\/1037\/revisions\/1241"}],"wp:attachment":[{"href":"https:\/\/mavinil.es\/index.php\/wp-json\/wp\/v2\/media?parent=1037"}],"curies":[{"name":"wp","href":"https:\/\/api.w.org\/{rel}","templated":true}]}}