{"id":145,"date":"2024-08-12T10:22:37","date_gmt":"2024-08-12T10:22:37","guid":{"rendered":"https:\/\/mavinil.es\/?page_id=145"},"modified":"2025-02-10T12:11:58","modified_gmt":"2025-02-10T12:11:58","slug":"micronitzacio","status":"publish","type":"page","link":"https:\/\/mavinil.es\/index.php\/micronitzacio\/","title":{"rendered":"Micronitzaci\u00f3"},"content":{"rendered":"\n<div class=\"wp-block-group alignfull has-global-padding is-layout-constrained wp-block-group-is-layout-constrained\" style=\"margin-bottom:50px\">\n<div class=\"wp-block-columns alignfull is-layout-flex wp-container-core-columns-is-layout-1 wp-block-columns-is-layout-flex\">\n<div class=\"wp-block-column is-layout-flow wp-block-column-is-layout-flow\">\n<figure class=\"wp-block-image alignfull size-full\"><img loading=\"lazy\" decoding=\"async\" width=\"2500\" height=\"800\" src=\"https:\/\/mavinil.es\/wp-content\/uploads\/2024\/08\/micro.jpg\" alt=\"\" class=\"wp-image-698\" srcset=\"https:\/\/mavinil.es\/wp-content\/uploads\/2024\/08\/micro.jpg 2500w, https:\/\/mavinil.es\/wp-content\/uploads\/2024\/08\/micro-300x96.jpg 300w, https:\/\/mavinil.es\/wp-content\/uploads\/2024\/08\/micro-1024x328.jpg 1024w, https:\/\/mavinil.es\/wp-content\/uploads\/2024\/08\/micro-768x246.jpg 768w, https:\/\/mavinil.es\/wp-content\/uploads\/2024\/08\/micro-1536x492.jpg 1536w, https:\/\/mavinil.es\/wp-content\/uploads\/2024\/08\/micro-2048x655.jpg 2048w, https:\/\/mavinil.es\/wp-content\/uploads\/2024\/08\/micro-18x6.jpg 18w\" sizes=\"auto, (max-width: 2500px) 100vw, 2500px\" \/><\/figure>\n<\/div>\n<\/div>\n<\/div>\n\n\n\n<div class=\"wp-block-group has-global-padding is-layout-constrained wp-block-group-is-layout-constrained\">\n<div class=\"wp-block-group is-nowrap is-layout-flex wp-container-core-group-is-layout-2 wp-block-group-is-layout-flex\">\n<figure class=\"wp-block-image size-full is-resized\"><img loading=\"lazy\" decoding=\"async\" width=\"249\" height=\"248\" src=\"https:\/\/mavinil.es\/wp-content\/uploads\/2024\/08\/icones-apartats-250-PX_Mesa-de-trabajo-1-copia.png\" alt=\"\" class=\"wp-image-325\" style=\"width:120px\" srcset=\"https:\/\/mavinil.es\/wp-content\/uploads\/2024\/08\/icones-apartats-250-PX_Mesa-de-trabajo-1-copia.png 249w, https:\/\/mavinil.es\/wp-content\/uploads\/2024\/08\/icones-apartats-250-PX_Mesa-de-trabajo-1-copia-150x150.png 150w, https:\/\/mavinil.es\/wp-content\/uploads\/2024\/08\/icones-apartats-250-PX_Mesa-de-trabajo-1-copia-12x12.png 12w\" sizes=\"auto, (max-width: 249px) 100vw, 249px\" \/><\/figure>\n\n\n\n<h2 class=\"wp-block-heading has-custom-color-2-color has-text-color has-link-color wp-elements-4645625c7ef3a337d925b6808173cdfb\">Micronitzaci\u00f3<\/h2>\n<\/div>\n\n\n\n<div class=\"wp-block-columns is-layout-flex wp-container-core-columns-is-layout-2 wp-block-columns-is-layout-flex\">\n<div class=\"wp-block-column is-layout-flow wp-block-column-is-layout-flow\">\n<figure class=\"wp-block-image size-full\"><img loading=\"lazy\" decoding=\"async\" width=\"600\" height=\"300\" src=\"https:\/\/mavinil.es\/wp-content\/uploads\/2024\/08\/MICRONITZACIO_INTERIOR.jpg\" alt=\"\" class=\"wp-image-312\" srcset=\"https:\/\/mavinil.es\/wp-content\/uploads\/2024\/08\/MICRONITZACIO_INTERIOR.jpg 600w, https:\/\/mavinil.es\/wp-content\/uploads\/2024\/08\/MICRONITZACIO_INTERIOR-300x150.jpg 300w, https:\/\/mavinil.es\/wp-content\/uploads\/2024\/08\/MICRONITZACIO_INTERIOR-18x9.jpg 18w\" sizes=\"auto, (max-width: 600px) 100vw, 600px\" \/><\/figure>\n<\/div>\n\n\n\n<div class=\"wp-block-column is-layout-flow wp-block-column-is-layout-flow\">\n<p>Actualment, Mavinil S.A. disposa de tres instal\u00b7lacions totalment equipades per a la micronitzaci\u00f3 mitjan\u00e7ant un sistema criog\u00e8nic.<\/p>\n\n\n\n<p><strong>Amb aquests mitjans aconseguim moldre el producte amb granulometria d&#8217;entre 500 i 2.000 mcr.<\/strong><\/p>\n\n\n\n<p>El sistema de refredament que utilitzem est\u00e0 desenvolupat dins de la nostra empresa.<br><br>Per finalitzar, el material s&#8217;homogene\u00eftza i es prepara en lots, que poden ser de fins a 14 tones, entregats en <em>big bags<\/em> paletitzats entre 500 i 1.500 quilos.<\/p>\n<\/div>\n<\/div>\n\n\n\n<div class=\"wp-block-columns is-layout-flex wp-container-core-columns-is-layout-3 wp-block-columns-is-layout-flex\">\n<div class=\"wp-block-column is-layout-flow wp-block-column-is-layout-flow\">\n<p>Aquest sistema assegura una <strong>molt bona qualitat del producte<\/strong> amb diversos indicadors:<\/p>\n\n\n\n<ul class=\"wp-block-list\">\n<li>La granulometria \u00e9s molt uniforme, per tant, <strong>hi ha escassos &#8220;fins&#8221;<\/strong>.<\/li>\n\n\n\n<li>El material queda absent d&#8217;humitats.<\/li>\n\n\n\n<li>El proc\u00e9s permet la barreja uniforme amb mat\u00e8ries primeres, si s&#8217;escau.<\/li>\n\n\n\n<li>Tamb\u00e9 permet utilitzar el material sol, sense necessitat de barrejar-lo amb mat\u00e8ries primeres.<\/li>\n<\/ul>\n<\/div>\n\n\n\n<div class=\"wp-block-column is-layout-flow wp-block-column-is-layout-flow\">\n<figure class=\"wp-block-image size-full\"><img loading=\"lazy\" decoding=\"async\" width=\"800\" height=\"400\" src=\"https:\/\/mavinil.es\/wp-content\/uploads\/2024\/08\/sacsBb.jpg\" alt=\"\" class=\"wp-image-720\" srcset=\"https:\/\/mavinil.es\/wp-content\/uploads\/2024\/08\/sacsBb.jpg 800w, https:\/\/mavinil.es\/wp-content\/uploads\/2024\/08\/sacsBb-300x150.jpg 300w, https:\/\/mavinil.es\/wp-content\/uploads\/2024\/08\/sacsBb-768x384.jpg 768w, https:\/\/mavinil.es\/wp-content\/uploads\/2024\/08\/sacsBb-18x9.jpg 18w\" sizes=\"auto, (max-width: 800px) 100vw, 800px\" \/><\/figure>\n<\/div>\n<\/div>\n<\/div>\n","protected":false},"excerpt":{"rendered":"<p>Micronitzaci\u00f3 Actualment, Mavinil S.A. disposa de tres instal\u00b7lacions totalment equipades per a la micronitzaci\u00f3 mitjan\u00e7ant un sistema criog\u00e8nic. Amb aquests mitjans aconseguim moldre el producte amb granulometria d&#8217;entre 500 i 2.000 mcr. El sistema de refredament que utilitzem est\u00e0 desenvolupat dins de la nostra empresa. Per finalitzar, el material s&#8217;homogene\u00eftza i es prepara en lots, [&hellip;]<\/p>\n","protected":false},"author":1,"featured_media":0,"parent":0,"menu_order":3,"comment_status":"closed","ping_status":"closed","template":"page-no-title","meta":{"footnotes":""},"class_list":["post-145","page","type-page","status-publish","hentry"],"_links":{"self":[{"href":"https:\/\/mavinil.es\/index.php\/wp-json\/wp\/v2\/pages\/145","targetHints":{"allow":["GET"]}}],"collection":[{"href":"https:\/\/mavinil.es\/index.php\/wp-json\/wp\/v2\/pages"}],"about":[{"href":"https:\/\/mavinil.es\/index.php\/wp-json\/wp\/v2\/types\/page"}],"author":[{"embeddable":true,"href":"https:\/\/mavinil.es\/index.php\/wp-json\/wp\/v2\/users\/1"}],"replies":[{"embeddable":true,"href":"https:\/\/mavinil.es\/index.php\/wp-json\/wp\/v2\/comments?post=145"}],"version-history":[{"count":26,"href":"https:\/\/mavinil.es\/index.php\/wp-json\/wp\/v2\/pages\/145\/revisions"}],"predecessor-version":[{"id":1357,"href":"https:\/\/mavinil.es\/index.php\/wp-json\/wp\/v2\/pages\/145\/revisions\/1357"}],"wp:attachment":[{"href":"https:\/\/mavinil.es\/index.php\/wp-json\/wp\/v2\/media?parent=145"}],"curies":[{"name":"wp","href":"https:\/\/api.w.org\/{rel}","templated":true}]}}