{"id":148,"date":"2024-08-12T10:24:08","date_gmt":"2024-08-12T10:24:08","guid":{"rendered":"https:\/\/mavinil.es\/?page_id=148"},"modified":"2025-02-10T12:46:03","modified_gmt":"2025-02-10T12:46:03","slug":"separacio-de-fibres","status":"publish","type":"page","link":"https:\/\/mavinil.es\/index.php\/separacio-de-fibres\/","title":{"rendered":"Separaci\u00f3 de fibres"},"content":{"rendered":"\n<div class=\"wp-block-group alignfull has-global-padding is-layout-constrained wp-block-group-is-layout-constrained\" style=\"margin-bottom:50px\">\n<div class=\"wp-block-columns alignfull is-layout-flex wp-container-core-columns-is-layout-1 wp-block-columns-is-layout-flex\">\n<div class=\"wp-block-column is-vertically-aligned-top is-layout-flow wp-block-column-is-layout-flow\">\n<figure class=\"wp-block-image alignfull size-full\"><img loading=\"lazy\" decoding=\"async\" width=\"2500\" height=\"800\" src=\"https:\/\/mavinil.es\/wp-content\/uploads\/2024\/08\/separacio.jpg\" alt=\"\" class=\"wp-image-700\" srcset=\"https:\/\/mavinil.es\/wp-content\/uploads\/2024\/08\/separacio.jpg 2500w, https:\/\/mavinil.es\/wp-content\/uploads\/2024\/08\/separacio-300x96.jpg 300w, https:\/\/mavinil.es\/wp-content\/uploads\/2024\/08\/separacio-1024x328.jpg 1024w, https:\/\/mavinil.es\/wp-content\/uploads\/2024\/08\/separacio-768x246.jpg 768w, https:\/\/mavinil.es\/wp-content\/uploads\/2024\/08\/separacio-1536x492.jpg 1536w, https:\/\/mavinil.es\/wp-content\/uploads\/2024\/08\/separacio-2048x655.jpg 2048w, https:\/\/mavinil.es\/wp-content\/uploads\/2024\/08\/separacio-18x6.jpg 18w\" sizes=\"auto, (max-width: 2500px) 100vw, 2500px\" \/><\/figure>\n<\/div>\n<\/div>\n<\/div>\n\n\n\n<div class=\"wp-block-group has-global-padding is-layout-constrained wp-block-group-is-layout-constrained\">\n<div class=\"wp-block-group is-nowrap is-layout-flex wp-container-core-group-is-layout-2 wp-block-group-is-layout-flex\">\n<figure class=\"wp-block-image size-full is-resized\"><img loading=\"lazy\" decoding=\"async\" width=\"249\" height=\"248\" src=\"https:\/\/mavinil.es\/wp-content\/uploads\/2024\/08\/icones-apartats-250-PX_Mesa-de-trabajo-1-copia-2.png\" alt=\"\" class=\"wp-image-326\" style=\"width:120px\" srcset=\"https:\/\/mavinil.es\/wp-content\/uploads\/2024\/08\/icones-apartats-250-PX_Mesa-de-trabajo-1-copia-2.png 249w, https:\/\/mavinil.es\/wp-content\/uploads\/2024\/08\/icones-apartats-250-PX_Mesa-de-trabajo-1-copia-2-150x150.png 150w, https:\/\/mavinil.es\/wp-content\/uploads\/2024\/08\/icones-apartats-250-PX_Mesa-de-trabajo-1-copia-2-12x12.png 12w\" sizes=\"auto, (max-width: 249px) 100vw, 249px\" \/><\/figure>\n\n\n\n<h2 class=\"wp-block-heading has-custom-color-3-color has-text-color has-link-color wp-elements-22b939bf645ae6280bf65d558586a3cc\">Separaci\u00f3 de fibres<\/h2>\n<\/div>\n\n\n\n<div class=\"wp-block-columns is-layout-flex wp-container-core-columns-is-layout-2 wp-block-columns-is-layout-flex\">\n<div class=\"wp-block-column is-layout-flow wp-block-column-is-layout-flow\">\n<figure class=\"wp-block-image size-full\"><img loading=\"lazy\" decoding=\"async\" width=\"600\" height=\"401\" src=\"https:\/\/mavinil.es\/wp-content\/uploads\/2024\/08\/Separacio-de-fibres-600PX.jpg\" alt=\"\" class=\"wp-image-313\" srcset=\"https:\/\/mavinil.es\/wp-content\/uploads\/2024\/08\/Separacio-de-fibres-600PX.jpg 600w, https:\/\/mavinil.es\/wp-content\/uploads\/2024\/08\/Separacio-de-fibres-600PX-300x201.jpg 300w, https:\/\/mavinil.es\/wp-content\/uploads\/2024\/08\/Separacio-de-fibres-600PX-18x12.jpg 18w\" sizes=\"auto, (max-width: 600px) 100vw, 600px\" \/><\/figure>\n<\/div>\n\n\n\n<div class=\"wp-block-column is-layout-flow wp-block-column-is-layout-flow\">\n<p>A Mavinil S.A. hem optat, dins del sector del reciclatge, treballar materials que no s\u00f3n reciclables mitjan\u00e7ant una simple trituraci\u00f3 o granulaci\u00f3, sin\u00f3 que \u00e9s necessari efectuar una operaci\u00f3 m\u00e9s complexa, sobretot quan parlem de productes pl\u00e0stics compostos de dos o m\u00e9s elements incompatibles entre ells a l&#8217;hora de reaprofitar-los. \u00c9s el cas dels <strong>materials amb fibra o materials bicapa<\/strong>.<br><br>Aquest proc\u00e9s ens ha comportat molts anys d&#8217;esfor\u00e7 per desenvolupar la maquin\u00e0ria de disseny propi que sigui capa\u00e7 de separar els diferents materials pl\u00e0stics compostos que al\u00b7lud\u00edem.<\/p>\n<\/div>\n<\/div>\n\n\n\n<div class=\"wp-block-columns is-layout-flex wp-container-core-columns-is-layout-3 wp-block-columns-is-layout-flex\">\n<div class=\"wp-block-column is-layout-flow wp-block-column-is-layout-flow\">\n<h2 class=\"wp-block-heading has-custom-color-3-color has-text-color has-link-color wp-elements-e0a632d5e1f589afa2acb4916b10cc7c\" style=\"font-size:clamp(21.536px, 1.346rem + ((1vw - 3.2px) * 1.642), 35px);\">Materials amb fibra<\/h2>\n\n\n\n<p>A Mavinil S.A. hem desenvolupat una <strong>instal\u00b7laci\u00f3 que efectua un proc\u00e9s per reciclar els materials pl\u00e0stics que contenen un refor\u00e7 de fibra t\u00e8xtil, habitualment de poli\u00e8ster tot i que tamb\u00e9 pot ser de cot\u00f3 o de polipropil\u00e8.<\/strong><br><br>A les nostres instal\u00b7lacions <strong>aconseguim la separaci\u00f3 de la fibra i obtenim el material pl\u00e0stic net amb una qualitat m\u00e0xima d\u2019impureses del 0,001%<\/strong>.<br><br>Els materials amb els quals treballem s\u00f3n de diferents sectors: l\u00e0mines d\u2019estanquitat o impermeabilitzaci\u00f3, m\u00e0negues de jard\u00ed, cintes transportadores, pancartes publicit\u00e0ries, etc.<br><br><strong>El sistema que utilitzem, \u00e9s totalment mec\u00e0nic i exempt de qualsevol producte qu\u00edmic.<\/strong> Aix\u00f2 evita qualsevol tipus de degradaci\u00f3 del material pel que, si s\u2019escau, es pot utilitzar per fabricar el mateix material que anteriorment.<\/p>\n<\/div>\n\n\n\n<div class=\"wp-block-column is-layout-flow wp-block-column-is-layout-flow\">\n<figure class=\"wp-block-image size-full\"><img loading=\"lazy\" decoding=\"async\" width=\"600\" height=\"183\" src=\"https:\/\/mavinil.es\/wp-content\/uploads\/2024\/08\/Separaciodefibres_2-600PX.jpg\" alt=\"\" class=\"wp-image-314\" srcset=\"https:\/\/mavinil.es\/wp-content\/uploads\/2024\/08\/Separaciodefibres_2-600PX.jpg 600w, https:\/\/mavinil.es\/wp-content\/uploads\/2024\/08\/Separaciodefibres_2-600PX-300x92.jpg 300w, https:\/\/mavinil.es\/wp-content\/uploads\/2024\/08\/Separaciodefibres_2-600PX-18x5.jpg 18w\" sizes=\"auto, (max-width: 600px) 100vw, 600px\" \/><\/figure>\n\n\n\n<figure class=\"wp-block-image aligncenter size-full is-resized\"><img loading=\"lazy\" decoding=\"async\" width=\"600\" height=\"396\" src=\"https:\/\/mavinil.es\/wp-content\/uploads\/2024\/08\/manguera-600-PX.jpg\" alt=\"\" class=\"wp-image-605\" style=\"width:450px\" srcset=\"https:\/\/mavinil.es\/wp-content\/uploads\/2024\/08\/manguera-600-PX.jpg 600w, https:\/\/mavinil.es\/wp-content\/uploads\/2024\/08\/manguera-600-PX-300x198.jpg 300w, https:\/\/mavinil.es\/wp-content\/uploads\/2024\/08\/manguera-600-PX-18x12.jpg 18w\" sizes=\"auto, (max-width: 600px) 100vw, 600px\" \/><\/figure>\n<\/div>\n<\/div>\n\n\n\n<div class=\"wp-block-columns is-layout-flex wp-container-core-columns-is-layout-4 wp-block-columns-is-layout-flex\">\n<div class=\"wp-block-column is-layout-flow wp-block-column-is-layout-flow\">\n<figure class=\"wp-block-image size-full is-resized\"><img loading=\"lazy\" decoding=\"async\" width=\"600\" height=\"663\" src=\"https:\/\/mavinil.es\/wp-content\/uploads\/2024\/08\/Separacio-de-fibres-4_600PX.jpg\" alt=\"\" class=\"wp-image-316\" style=\"width:500px\" srcset=\"https:\/\/mavinil.es\/wp-content\/uploads\/2024\/08\/Separacio-de-fibres-4_600PX.jpg 600w, https:\/\/mavinil.es\/wp-content\/uploads\/2024\/08\/Separacio-de-fibres-4_600PX-271x300.jpg 271w, https:\/\/mavinil.es\/wp-content\/uploads\/2024\/08\/Separacio-de-fibres-4_600PX-11x12.jpg 11w\" sizes=\"auto, (max-width: 600px) 100vw, 600px\" \/><\/figure>\n<\/div>\n\n\n\n<div class=\"wp-block-column is-layout-flow wp-block-column-is-layout-flow\">\n<h2 class=\"wp-block-heading has-custom-color-3-color has-text-color has-link-color wp-elements-d3bbfa3daacc70962458cdcd8b566909\" style=\"font-size:clamp(21.536px, 1.346rem + ((1vw - 3.2px) * 1.642), 35px);\">Materials bicapa<\/h2>\n\n\n\n<p>Consisteix en el <strong>reciclatge de materials compostos de dues l\u00e0mines diferents en les quals, la l\u00e0mina de la base pot ser de PP, PET, PVC, etc<\/strong>.<br><br>Habitualment aquesta representa un 80% del total. La segona l\u00e0mina, que normalment t\u00e9 la funci\u00f3 de recobriment o tapa, est\u00e0 feta de diversos materials (PM, EVO, PE, etc.) incompatibles amb la l\u00e0mina base.<br><br>Amb el sistema que utilitzem, <strong>aconseguim separar la l\u00e0mina de recobriment i aix\u00ed aprofitar la l\u00e0mina base<\/strong>. Com en el cas de la separaci\u00f3 de fibres, fem servir un proc\u00e9s totalment mec\u00e0nic que no degrada en absolut el material a aprofitar. Aquests materials a reciclar es generen en molts sectors, els m\u00e9s habituals s\u00f3n els envasos per a l\u2019alimentaci\u00f3, envasos per a medicaments o per a articles industrials, etc.<br><br>El producte obtingut net \u00e9s apte per molts usos aix\u00ed com la fabricaci\u00f3 de noves l\u00e0mines, canonades, etc.<\/p>\n<\/div>\n<\/div>\n<\/div>\n","protected":false},"excerpt":{"rendered":"<p>Separaci\u00f3 de fibres A Mavinil S.A. hem optat, dins del sector del reciclatge, treballar materials que no s\u00f3n reciclables mitjan\u00e7ant una simple trituraci\u00f3 o granulaci\u00f3, sin\u00f3 que \u00e9s necessari efectuar una operaci\u00f3 m\u00e9s complexa, sobretot quan parlem de productes pl\u00e0stics compostos de dos o m\u00e9s elements incompatibles entre ells a l&#8217;hora de reaprofitar-los. \u00c9s el [&hellip;]<\/p>\n","protected":false},"author":1,"featured_media":0,"parent":0,"menu_order":4,"comment_status":"closed","ping_status":"closed","template":"page-no-title","meta":{"footnotes":""},"class_list":["post-148","page","type-page","status-publish","hentry"],"_links":{"self":[{"href":"https:\/\/mavinil.es\/index.php\/wp-json\/wp\/v2\/pages\/148","targetHints":{"allow":["GET"]}}],"collection":[{"href":"https:\/\/mavinil.es\/index.php\/wp-json\/wp\/v2\/pages"}],"about":[{"href":"https:\/\/mavinil.es\/index.php\/wp-json\/wp\/v2\/types\/page"}],"author":[{"embeddable":true,"href":"https:\/\/mavinil.es\/index.php\/wp-json\/wp\/v2\/users\/1"}],"replies":[{"embeddable":true,"href":"https:\/\/mavinil.es\/index.php\/wp-json\/wp\/v2\/comments?post=148"}],"version-history":[{"count":25,"href":"https:\/\/mavinil.es\/index.php\/wp-json\/wp\/v2\/pages\/148\/revisions"}],"predecessor-version":[{"id":1371,"href":"https:\/\/mavinil.es\/index.php\/wp-json\/wp\/v2\/pages\/148\/revisions\/1371"}],"wp:attachment":[{"href":"https:\/\/mavinil.es\/index.php\/wp-json\/wp\/v2\/media?parent=148"}],"curies":[{"name":"wp","href":"https:\/\/api.w.org\/{rel}","templated":true}]}}

Separació de fibres

<div class="wp-block-group alignfull has-global-padding is-layout-constrained wp-block-group-is-layout-constrained" style="margin-bottom:50px">
<div class="wp-block-columns alignfull is-layout-flex wp-container-core-columns-is-layout-1 wp-block-columns-is-layout-flex">
<div class="wp-block-column is-vertically-aligned-top is-layout-flow wp-block-column-is-layout-flow">
<figure class="wp-block-image alignfull size-full"><img loading="lazy" decoding="async" width="2500" height="800" src="https://mavinil.es/wp-content/uploads/2024/08/separacio.jpg" alt="" class="wp-image-700" srcset="https://mavinil.es/wp-content/uploads/2024/08/separacio.jpg 2500w, https://mavinil.es/wp-content/uploads/2024/08/separacio-300x96.jpg 300w, https://mavinil.es/wp-content/uploads/2024/08/separacio-1024x328.jpg 1024w, https://mavinil.es/wp-content/uploads/2024/08/separacio-768x246.jpg 768w, https://mavinil.es/wp-content/uploads/2024/08/separacio-1536x492.jpg 1536w, https://mavinil.es/wp-content/uploads/2024/08/separacio-2048x655.jpg 2048w, https://mavinil.es/wp-content/uploads/2024/08/separacio-18x6.jpg 18w" sizes="auto, (max-width: 2500px) 100vw, 2500px" /></figure>
</div>
</div>
</div>



<div class="wp-block-group has-global-padding is-layout-constrained wp-block-group-is-layout-constrained">
<div class="wp-block-group is-nowrap is-layout-flex wp-container-core-group-is-layout-2 wp-block-group-is-layout-flex">
<figure class="wp-block-image size-full is-resized"><img loading="lazy" decoding="async" width="249" height="248" src="https://mavinil.es/wp-content/uploads/2024/08/icones-apartats-250-PX_Mesa-de-trabajo-1-copia-2.png" alt="" class="wp-image-326" style="width:120px" srcset="https://mavinil.es/wp-content/uploads/2024/08/icones-apartats-250-PX_Mesa-de-trabajo-1-copia-2.png 249w, https://mavinil.es/wp-content/uploads/2024/08/icones-apartats-250-PX_Mesa-de-trabajo-1-copia-2-150x150.png 150w, https://mavinil.es/wp-content/uploads/2024/08/icones-apartats-250-PX_Mesa-de-trabajo-1-copia-2-12x12.png 12w" sizes="auto, (max-width: 249px) 100vw, 249px" /></figure>



<h2 class="wp-block-heading has-custom-color-3-color has-text-color has-link-color wp-elements-22b939bf645ae6280bf65d558586a3cc">Separació de fibres</h2>
</div>



<div class="wp-block-columns is-layout-flex wp-container-core-columns-is-layout-2 wp-block-columns-is-layout-flex">
<div class="wp-block-column is-layout-flow wp-block-column-is-layout-flow">
<figure class="wp-block-image size-full"><img loading="lazy" decoding="async" width="600" height="401" src="https://mavinil.es/wp-content/uploads/2024/08/Separacio-de-fibres-600PX.jpg" alt="" class="wp-image-313" srcset="https://mavinil.es/wp-content/uploads/2024/08/Separacio-de-fibres-600PX.jpg 600w, https://mavinil.es/wp-content/uploads/2024/08/Separacio-de-fibres-600PX-300x201.jpg 300w, https://mavinil.es/wp-content/uploads/2024/08/Separacio-de-fibres-600PX-18x12.jpg 18w" sizes="auto, (max-width: 600px) 100vw, 600px" /></figure>
</div>



<div class="wp-block-column is-layout-flow wp-block-column-is-layout-flow">
<p>A Mavinil S.A. hem optat, dins del sector del reciclatge, treballar materials que no són reciclables mitjançant una simple trituració o granulació, sinó que és necessari efectuar una operació més complexa, sobretot quan parlem de productes plàstics compostos de dos o més elements incompatibles entre ells a l&#8217;hora de reaprofitar-los. És el cas dels <strong>materials amb fibra o materials bicapa</strong>.<br><br>Aquest procés ens ha comportat molts anys d&#8217;esforç per desenvolupar la maquinària de disseny propi que sigui capaç de separar els diferents materials plàstics compostos que al·ludíem.</p>
</div>
</div>



<div class="wp-block-columns is-layout-flex wp-container-core-columns-is-layout-3 wp-block-columns-is-layout-flex">
<div class="wp-block-column is-layout-flow wp-block-column-is-layout-flow">
<h2 class="wp-block-heading has-custom-color-3-color has-text-color has-link-color wp-elements-e0a632d5e1f589afa2acb4916b10cc7c" style="font-size:clamp(21.536px, 1.346rem + ((1vw - 3.2px) * 1.642), 35px);">Materials amb fibra</h2>



<p>A Mavinil S.A. hem desenvolupat una <strong>instal·lació que efectua un procés per reciclar els materials plàstics que contenen un reforç de fibra tèxtil, habitualment de polièster tot i que també pot ser de cotó o de polipropilè.</strong><br><br>A les nostres instal·lacions <strong>aconseguim la separació de la fibra i obtenim el material plàstic net amb una qualitat màxima d’impureses del 0,001%</strong>.<br><br>Els materials amb els quals treballem són de diferents sectors: làmines d’estanquitat o impermeabilització, mànegues de jardí, cintes transportadores, pancartes publicitàries, etc.<br><br><strong>El sistema que utilitzem, és totalment mecànic i exempt de qualsevol producte químic.</strong> Això evita qualsevol tipus de degradació del material pel que, si s’escau, es pot utilitzar per fabricar el mateix material que anteriorment.</p>
</div>



<div class="wp-block-column is-layout-flow wp-block-column-is-layout-flow">
<figure class="wp-block-image size-full"><img loading="lazy" decoding="async" width="600" height="183" src="https://mavinil.es/wp-content/uploads/2024/08/Separaciodefibres_2-600PX.jpg" alt="" class="wp-image-314" srcset="https://mavinil.es/wp-content/uploads/2024/08/Separaciodefibres_2-600PX.jpg 600w, https://mavinil.es/wp-content/uploads/2024/08/Separaciodefibres_2-600PX-300x92.jpg 300w, https://mavinil.es/wp-content/uploads/2024/08/Separaciodefibres_2-600PX-18x5.jpg 18w" sizes="auto, (max-width: 600px) 100vw, 600px" /></figure>



<figure class="wp-block-image aligncenter size-full is-resized"><img loading="lazy" decoding="async" width="600" height="396" src="https://mavinil.es/wp-content/uploads/2024/08/manguera-600-PX.jpg" alt="" class="wp-image-605" style="width:450px" srcset="https://mavinil.es/wp-content/uploads/2024/08/manguera-600-PX.jpg 600w, https://mavinil.es/wp-content/uploads/2024/08/manguera-600-PX-300x198.jpg 300w, https://mavinil.es/wp-content/uploads/2024/08/manguera-600-PX-18x12.jpg 18w" sizes="auto, (max-width: 600px) 100vw, 600px" /></figure>
</div>
</div>



<div class="wp-block-columns is-layout-flex wp-container-core-columns-is-layout-4 wp-block-columns-is-layout-flex">
<div class="wp-block-column is-layout-flow wp-block-column-is-layout-flow">
<figure class="wp-block-image size-full is-resized"><img loading="lazy" decoding="async" width="600" height="663" src="https://mavinil.es/wp-content/uploads/2024/08/Separacio-de-fibres-4_600PX.jpg" alt="" class="wp-image-316" style="width:500px" srcset="https://mavinil.es/wp-content/uploads/2024/08/Separacio-de-fibres-4_600PX.jpg 600w, https://mavinil.es/wp-content/uploads/2024/08/Separacio-de-fibres-4_600PX-271x300.jpg 271w, https://mavinil.es/wp-content/uploads/2024/08/Separacio-de-fibres-4_600PX-11x12.jpg 11w" sizes="auto, (max-width: 600px) 100vw, 600px" /></figure>
</div>



<div class="wp-block-column is-layout-flow wp-block-column-is-layout-flow">
<h2 class="wp-block-heading has-custom-color-3-color has-text-color has-link-color wp-elements-d3bbfa3daacc70962458cdcd8b566909" style="font-size:clamp(21.536px, 1.346rem + ((1vw - 3.2px) * 1.642), 35px);">Materials bicapa</h2>



<p>Consisteix en el <strong>reciclatge de materials compostos de dues làmines diferents en les quals, la làmina de la base pot ser de PP, PET, PVC, etc</strong>.<br><br>Habitualment aquesta representa un 80% del total. La segona làmina, que normalment té la funció de recobriment o tapa, està feta de diversos materials (PM, EVO, PE, etc.) incompatibles amb la làmina base.<br><br>Amb el sistema que utilitzem, <strong>aconseguim separar la làmina de recobriment i així aprofitar la làmina base</strong>. Com en el cas de la separació de fibres, fem servir un procés totalment mecànic que no degrada en absolut el material a aprofitar. Aquests materials a reciclar es generen en molts sectors, els més habituals són els envasos per a l’alimentació, envasos per a medicaments o per a articles industrials, etc.<br><br>El producte obtingut net és apte per molts usos així com la fabricació de noves làmines, canonades, etc.</p>
</div>
</div>
</div>

<p>Separació de fibres A Mavinil S.A. hem optat, dins del sector del reciclatge, treballar materials que no són reciclables mitjançant una simple trituració o granulació, sinó que és necessari efectuar una operació més complexa, sobretot quan parlem de productes plàstics compostos de dos o més elements incompatibles entre ells a l&#8217;hora de reaprofitar-los. És el [&hellip;]</p>
