{"id":154,"date":"2024-08-12T10:26:30","date_gmt":"2024-08-12T10:26:30","guid":{"rendered":"https:\/\/mavinil.es\/?page_id=154"},"modified":"2024-08-14T09:31:27","modified_gmt":"2024-08-14T09:31:27","slug":"qui-som","status":"publish","type":"page","link":"https:\/\/mavinil.es\/index.php\/qui-som\/","title":{"rendered":"Qui som"},"content":{"rendered":"\n<div class=\"wp-block-group alignfull has-global-padding is-layout-constrained wp-block-group-is-layout-constrained\" style=\"margin-bottom:50px\">\n<div class=\"wp-block-columns alignfull is-layout-flex wp-container-core-columns-is-layout-1 wp-block-columns-is-layout-flex\">\n<div class=\"wp-block-column is-vertically-aligned-top is-layout-flow wp-block-column-is-layout-flow\">\n<figure class=\"wp-block-image alignfull size-full\"><img loading=\"lazy\" decoding=\"async\" width=\"2500\" height=\"800\" src=\"https:\/\/mavinil.es\/wp-content\/uploads\/2024\/08\/quisom.jpg\" alt=\"\" class=\"wp-image-718\" srcset=\"https:\/\/mavinil.es\/wp-content\/uploads\/2024\/08\/quisom.jpg 2500w, https:\/\/mavinil.es\/wp-content\/uploads\/2024\/08\/quisom-300x96.jpg 300w, https:\/\/mavinil.es\/wp-content\/uploads\/2024\/08\/quisom-1024x328.jpg 1024w, https:\/\/mavinil.es\/wp-content\/uploads\/2024\/08\/quisom-768x246.jpg 768w, https:\/\/mavinil.es\/wp-content\/uploads\/2024\/08\/quisom-1536x492.jpg 1536w, https:\/\/mavinil.es\/wp-content\/uploads\/2024\/08\/quisom-2048x655.jpg 2048w, https:\/\/mavinil.es\/wp-content\/uploads\/2024\/08\/quisom-18x6.jpg 18w\" sizes=\"auto, (max-width: 2500px) 100vw, 2500px\" \/><\/figure>\n<\/div>\n<\/div>\n<\/div>\n\n\n\n<div class=\"wp-block-group has-global-padding is-layout-constrained wp-block-group-is-layout-constrained\">\n<div class=\"wp-block-columns is-layout-flex wp-container-core-columns-is-layout-2 wp-block-columns-is-layout-flex\">\n<div class=\"wp-block-column is-layout-flow wp-block-column-is-layout-flow\">\n<figure class=\"wp-block-image aligncenter size-full\"><img loading=\"lazy\" decoding=\"async\" width=\"263\" height=\"256\" src=\"https:\/\/mavinil.es\/wp-content\/uploads\/2024\/08\/LOGOS-MAVINIL-QUI-SOM-250-PX.png\" alt=\"\" class=\"wp-image-287\" srcset=\"https:\/\/mavinil.es\/wp-content\/uploads\/2024\/08\/LOGOS-MAVINIL-QUI-SOM-250-PX.png 263w, https:\/\/mavinil.es\/wp-content\/uploads\/2024\/08\/LOGOS-MAVINIL-QUI-SOM-250-PX-12x12.png 12w\" sizes=\"auto, (max-width: 263px) 100vw, 263px\" \/><\/figure>\n\n\n\n<p class=\"has-text-align-center has-accent-3-color has-text-color has-link-color wp-elements-a062f3c9a307e6e9e9aae5a47f0d7dbe\" style=\"font-size:clamp(16.834px, 1.052rem + ((1vw - 3.2px) * 1.118), 26px);font-style:normal;font-weight:600;line-height:1.3\">Des del 1980 especialitzats en trobar les millors solucions<br>en el tractament de mat\u00e8ries pl\u00e0stiques<br>des de Sant Celoni, Barcelona.<\/p>\n<\/div>\n<\/div>\n\n\n\n<div class=\"wp-block-columns is-not-stacked-on-mobile is-layout-flex wp-container-core-columns-is-layout-3 wp-block-columns-is-layout-flex\" style=\"margin-top:50px\">\n<div class=\"wp-block-column is-layout-flow wp-block-column-is-layout-flow\" style=\"flex-basis:30%\">\n<figure class=\"wp-block-image alignright size-full is-resized\"><img loading=\"lazy\" decoding=\"async\" width=\"263\" height=\"268\" src=\"https:\/\/mavinil.es\/wp-content\/uploads\/2024\/08\/LOGOS-LATERALS-QUI-SOM-250-PX-08.png\" alt=\"\" class=\"wp-image-265\" style=\"width:100px\" srcset=\"https:\/\/mavinil.es\/wp-content\/uploads\/2024\/08\/LOGOS-LATERALS-QUI-SOM-250-PX-08.png 263w, https:\/\/mavinil.es\/wp-content\/uploads\/2024\/08\/LOGOS-LATERALS-QUI-SOM-250-PX-08-12x12.png 12w\" sizes=\"auto, (max-width: 263px) 100vw, 263px\" \/><\/figure>\n<\/div>\n\n\n\n<div class=\"wp-block-column is-layout-flow wp-block-column-is-layout-flow\" style=\"flex-basis:70%\">\n<p><strong>Som el teu equip de confian\u00e7a, en constant evoluci\u00f3 per trobar solucions efectives i innovadores sempre amb excel\u00b7lents resultats en el servei i qualitat.<\/strong><br>Creiem que la innovaci\u00f3 radica en les persones.<br>Som una PIME amb una plantilla de quinze persones que <strong>treballem per construir un futur d\u2019\u00e8xit compartit<\/strong>.<\/p>\n<\/div>\n<\/div>\n\n\n\n<div class=\"wp-block-columns is-not-stacked-on-mobile is-layout-flex wp-container-core-columns-is-layout-4 wp-block-columns-is-layout-flex\" style=\"margin-top:20px\">\n<div class=\"wp-block-column is-layout-flow wp-block-column-is-layout-flow\" style=\"flex-basis:30%\">\n<figure class=\"wp-block-image alignright size-full is-resized\"><img loading=\"lazy\" decoding=\"async\" width=\"263\" height=\"264\" src=\"https:\/\/mavinil.es\/wp-content\/uploads\/2024\/08\/LOGOS-LATERALS-QUI-SOM-250-PX-09.png\" alt=\"\" class=\"wp-image-281\" style=\"width:100px\" srcset=\"https:\/\/mavinil.es\/wp-content\/uploads\/2024\/08\/LOGOS-LATERALS-QUI-SOM-250-PX-09.png 263w, https:\/\/mavinil.es\/wp-content\/uploads\/2024\/08\/LOGOS-LATERALS-QUI-SOM-250-PX-09-150x150.png 150w, https:\/\/mavinil.es\/wp-content\/uploads\/2024\/08\/LOGOS-LATERALS-QUI-SOM-250-PX-09-12x12.png 12w\" sizes=\"auto, (max-width: 263px) 100vw, 263px\" \/><\/figure>\n<\/div>\n\n\n\n<div class=\"wp-block-column is-layout-flow wp-block-column-is-layout-flow\" style=\"flex-basis:70%\">\n<p>Disposem d\u2019una <strong>planta de producci\u00f3<\/strong> composta de <strong>dues naus de 2.800 m<sup>2<\/sup><\/strong> ubicades dintre d\u2019un <strong>recinte industrial de m\u00e9s de 25.000 m<sup>2<\/sup><\/strong>.<br><br>Aquesta infraestructura ens permet realitzar <strong>cinc activitats diferents<\/strong>: quatre de les quals dins el sector del <strong>reciclatge de pl\u00e0stics<\/strong> i la cinquena, dins el <strong>tractament de mat\u00e8ries primeres en pol\u00edmers<\/strong>.<\/p>\n<\/div>\n<\/div>\n\n\n\n<div class=\"wp-block-columns is-not-stacked-on-mobile is-layout-flex wp-container-core-columns-is-layout-5 wp-block-columns-is-layout-flex\" style=\"margin-top:20px\">\n<div class=\"wp-block-column is-layout-flow wp-block-column-is-layout-flow\" style=\"flex-basis:30%\">\n<figure class=\"wp-block-image alignright size-full is-resized\"><img loading=\"lazy\" decoding=\"async\" width=\"263\" height=\"256\" src=\"https:\/\/mavinil.es\/wp-content\/uploads\/2024\/08\/LOGOS-LATERALS-QUI-SOM-250-PX-10.png\" alt=\"\" class=\"wp-image-285\" style=\"width:100px\" srcset=\"https:\/\/mavinil.es\/wp-content\/uploads\/2024\/08\/LOGOS-LATERALS-QUI-SOM-250-PX-10.png 263w, https:\/\/mavinil.es\/wp-content\/uploads\/2024\/08\/LOGOS-LATERALS-QUI-SOM-250-PX-10-12x12.png 12w\" sizes=\"auto, (max-width: 263px) 100vw, 263px\" \/><\/figure>\n<\/div>\n\n\n\n<div class=\"wp-block-column is-layout-flow wp-block-column-is-layout-flow\" style=\"flex-basis:70%\">\n<p><strong>Compromesos amb la sostenibilitat.<\/strong> Fomentem el creixement econ\u00f2mic sostenible, l\u2019equilibri mediambiental i responsabilitat social.<\/p>\n<\/div>\n<\/div>\n\n\n\n<div class=\"wp-block-columns is-not-stacked-on-mobile is-layout-flex wp-container-core-columns-is-layout-6 wp-block-columns-is-layout-flex\" style=\"margin-top:20px\">\n<div class=\"wp-block-column is-layout-flow wp-block-column-is-layout-flow\" style=\"flex-basis:30%\">\n<figure class=\"wp-block-image alignright size-full is-resized\"><img loading=\"lazy\" decoding=\"async\" width=\"263\" height=\"256\" src=\"https:\/\/mavinil.es\/wp-content\/uploads\/2024\/08\/LOGOS-LATERALS-QUI-SOM-250-PX-11.png\" alt=\"\" class=\"wp-image-293\" style=\"width:100px\" srcset=\"https:\/\/mavinil.es\/wp-content\/uploads\/2024\/08\/LOGOS-LATERALS-QUI-SOM-250-PX-11.png 263w, https:\/\/mavinil.es\/wp-content\/uploads\/2024\/08\/LOGOS-LATERALS-QUI-SOM-250-PX-11-12x12.png 12w\" sizes=\"auto, (max-width: 263px) 100vw, 263px\" \/><\/figure>\n<\/div>\n\n\n\n<div class=\"wp-block-column is-layout-flow wp-block-column-is-layout-flow\" style=\"flex-basis:70%\">\n<p style=\"font-size:clamp(14px, 0.875rem + ((1vw - 3.2px) * 0.732), 20px);\"><strong>Llic\u00e8ncies<\/strong><\/p>\n\n\n\n<p style=\"margin-top:0px;margin-bottom:0px\"><strong>Disposem de totes les autoritzacions exigides<\/strong> per poder realitzar les nostres activitats:<\/p>\n\n\n\n<ul class=\"wp-block-list\" style=\"margin-top:0px;margin-bottom:0px\">\n<li>Llic\u00e8ncia d\u2019activitats municipal, que comporta el compliment dels requisits mediambientals en vigor a l\u2019estat.<\/li>\n\n\n\n<li>Autoritzaci\u00f3 del departament d\u2019ind\u00fastria de la Generalitat de Catalunya<\/li>\n\n\n\n<li>Autoritzaci\u00f3 com a gestors de residus amb el codi 215\/02 atorgada pel departament de medi ambient de la Generalitat de Catalunya.<\/li>\n\n\n\n<li>Complim amb tots els par\u00e0metres de seguretat laboral i de responsabilitat civil.<\/li>\n<\/ul>\n<\/div>\n<\/div>\n<\/div>\n","protected":false},"excerpt":{"rendered":"<p>Des del 1980 especialitzats en trobar les millors solucionsen el tractament de mat\u00e8ries pl\u00e0stiquesdes de Sant Celoni, Barcelona. Som el teu equip de confian\u00e7a, en constant evoluci\u00f3 per trobar solucions efectives i innovadores sempre amb excel\u00b7lents resultats en el servei i qualitat.Creiem que la innovaci\u00f3 radica en les persones.Som una PIME amb una plantilla de [&hellip;]<\/p>\n","protected":false},"author":1,"featured_media":0,"parent":0,"menu_order":1,"comment_status":"closed","ping_status":"closed","template":"page-no-title","meta":{"footnotes":""},"class_list":["post-154","page","type-page","status-publish","hentry"],"_links":{"self":[{"href":"https:\/\/mavinil.es\/index.php\/wp-json\/wp\/v2\/pages\/154","targetHints":{"allow":["GET"]}}],"collection":[{"href":"https:\/\/mavinil.es\/index.php\/wp-json\/wp\/v2\/pages"}],"about":[{"href":"https:\/\/mavinil.es\/index.php\/wp-json\/wp\/v2\/types\/page"}],"author":[{"embeddable":true,"href":"https:\/\/mavinil.es\/index.php\/wp-json\/wp\/v2\/users\/1"}],"replies":[{"embeddable":true,"href":"https:\/\/mavinil.es\/index.php\/wp-json\/wp\/v2\/comments?post=154"}],"version-history":[{"count":63,"href":"https:\/\/mavinil.es\/index.php\/wp-json\/wp\/v2\/pages\/154\/revisions"}],"predecessor-version":[{"id":801,"href":"https:\/\/mavinil.es\/index.php\/wp-json\/wp\/v2\/pages\/154\/revisions\/801"}],"wp:attachment":[{"href":"https:\/\/mavinil.es\/index.php\/wp-json\/wp\/v2\/media?parent=154"}],"curies":[{"name":"wp","href":"https:\/\/api.w.org\/{rel}","templated":true}]}}