{"id":411,"date":"2024-08-12T13:54:36","date_gmt":"2024-08-12T13:54:36","guid":{"rendered":"https:\/\/mavinil.es\/?page_id=411"},"modified":"2024-08-13T16:50:41","modified_gmt":"2024-08-13T16:50:41","slug":"sostenibilitat","status":"publish","type":"page","link":"https:\/\/mavinil.es\/index.php\/sostenibilitat\/","title":{"rendered":"Sostenibilitat"},"content":{"rendered":"\n<div class=\"wp-block-group alignfull has-global-padding is-layout-constrained wp-block-group-is-layout-constrained\" style=\"margin-bottom:50px\">\n<div class=\"wp-block-columns alignfull is-layout-flex wp-container-core-columns-is-layout-1 wp-block-columns-is-layout-flex\">\n<div class=\"wp-block-column is-vertically-aligned-top is-layout-flow wp-block-column-is-layout-flow\">\n<figure class=\"wp-block-image alignfull size-full\"><img loading=\"lazy\" decoding=\"async\" width=\"2500\" height=\"800\" src=\"https:\/\/mavinil.es\/wp-content\/uploads\/2024\/08\/sostenibilitat.jpg\" alt=\"\" class=\"wp-image-708\" srcset=\"https:\/\/mavinil.es\/wp-content\/uploads\/2024\/08\/sostenibilitat.jpg 2500w, https:\/\/mavinil.es\/wp-content\/uploads\/2024\/08\/sostenibilitat-300x96.jpg 300w, https:\/\/mavinil.es\/wp-content\/uploads\/2024\/08\/sostenibilitat-1024x328.jpg 1024w, https:\/\/mavinil.es\/wp-content\/uploads\/2024\/08\/sostenibilitat-768x246.jpg 768w, https:\/\/mavinil.es\/wp-content\/uploads\/2024\/08\/sostenibilitat-1536x492.jpg 1536w, https:\/\/mavinil.es\/wp-content\/uploads\/2024\/08\/sostenibilitat-2048x655.jpg 2048w, https:\/\/mavinil.es\/wp-content\/uploads\/2024\/08\/sostenibilitat-18x6.jpg 18w\" sizes=\"auto, (max-width: 2500px) 100vw, 2500px\" \/><\/figure>\n<\/div>\n<\/div>\n<\/div>\n\n\n\n<div class=\"wp-block-group has-global-padding is-layout-constrained wp-block-group-is-layout-constrained\">\n<div class=\"wp-block-group is-nowrap is-layout-flex wp-container-core-group-is-layout-2 wp-block-group-is-layout-flex\">\n<figure class=\"wp-block-image size-full is-resized\"><img loading=\"lazy\" decoding=\"async\" width=\"249\" height=\"248\" src=\"https:\/\/mavinil.es\/wp-content\/uploads\/2024\/08\/icones-apartats-250-PX_Mesa-de-trabajo-1-copia-5.png\" alt=\"\" class=\"wp-image-329\" style=\"width:120px\" srcset=\"https:\/\/mavinil.es\/wp-content\/uploads\/2024\/08\/icones-apartats-250-PX_Mesa-de-trabajo-1-copia-5.png 249w, https:\/\/mavinil.es\/wp-content\/uploads\/2024\/08\/icones-apartats-250-PX_Mesa-de-trabajo-1-copia-5-150x150.png 150w, https:\/\/mavinil.es\/wp-content\/uploads\/2024\/08\/icones-apartats-250-PX_Mesa-de-trabajo-1-copia-5-12x12.png 12w\" sizes=\"auto, (max-width: 249px) 100vw, 249px\" \/><\/figure>\n\n\n\n<h2 class=\"wp-block-heading has-custom-color-9-color has-text-color has-link-color wp-elements-a08e1b5f59c0f3f986f57d82d8e658aa\">Sostenibilitat<\/h2>\n<\/div>\n\n\n\n<div class=\"wp-block-columns is-layout-flex wp-container-core-columns-is-layout-2 wp-block-columns-is-layout-flex\">\n<div class=\"wp-block-column is-layout-flow wp-block-column-is-layout-flow\" style=\"flex-basis:50%\">\n<p>Des que, en 1980, com &nbsp;ind\u00fastria de reciclat de mat\u00e8ries pl\u00e0stiques, fem un constant esfor\u00e7 en el desenvolupament i la innovaci\u00f3 de noves tecnologies amb l\u2019objectiu d\u2019augmentar el rendiment i la reducci\u00f3 de la despesa energ\u00e8tica.<\/p>\n\n\n\n<p class=\"has-accent-3-color has-text-color has-link-color wp-elements-b34b918d44923fde0e24f7e2b561940a\" style=\"padding-top:0px;padding-bottom:0px;font-size:clamp(14px, 0.875rem + ((1vw - 3.2px) * 0.732), 20px);font-style:normal;font-weight:700\">Compromesos amb la sostenibilitat.<\/p>\n\n\n\n<p style=\"margin-top:0px;margin-bottom:0px;padding-top:0px;padding-bottom:0px\"><strong>Fomentem el creixement econ\u00f2mic sostenible, l\u2019equilibri mediambiental i responsabilitat social.<\/strong><\/p>\n\n\n\n<p>A Mavinil, oferim solucions innovadores per donar una segona oportunitat als productes de pl\u00e0stic que han arribat al final de la seva vida \u00fatil.<br><br>Gr\u00e0cies al nostre laboratori I+D, aconseguim millorar el color dels productes reciclats perqu\u00e8 resultin m\u00e9s atractius per al mercat i contribuint en la conservaci\u00f3 del medi ambient.<\/p>\n\n\n\n<p>El sistema que utilitzem per tractaments de separaci\u00f3 de fibres, \u00e9s totalment mec\u00e0nic i exempt de qualsevol producte qu\u00edmic.<\/p>\n<\/div>\n\n\n\n<div class=\"wp-block-column is-layout-flow wp-block-column-is-layout-flow\" style=\"flex-basis:50%\">\n<figure class=\"wp-block-image size-full\"><img loading=\"lazy\" decoding=\"async\" width=\"598\" height=\"598\" src=\"https:\/\/mavinil.es\/wp-content\/uploads\/2024\/08\/FOTOS-PORTADA-600PX_Sostenibilitat.jpg\" alt=\"\" class=\"wp-image-222\" srcset=\"https:\/\/mavinil.es\/wp-content\/uploads\/2024\/08\/FOTOS-PORTADA-600PX_Sostenibilitat.jpg 598w, https:\/\/mavinil.es\/wp-content\/uploads\/2024\/08\/FOTOS-PORTADA-600PX_Sostenibilitat-300x300.jpg 300w, https:\/\/mavinil.es\/wp-content\/uploads\/2024\/08\/FOTOS-PORTADA-600PX_Sostenibilitat-150x150.jpg 150w, https:\/\/mavinil.es\/wp-content\/uploads\/2024\/08\/FOTOS-PORTADA-600PX_Sostenibilitat-12x12.jpg 12w\" sizes=\"auto, (max-width: 598px) 100vw, 598px\" \/><\/figure>\n<\/div>\n<\/div>\n<\/div>\n","protected":false},"excerpt":{"rendered":"<p>Sostenibilitat Des que, en 1980, com &nbsp;ind\u00fastria de reciclat de mat\u00e8ries pl\u00e0stiques, fem un constant esfor\u00e7 en el desenvolupament i la innovaci\u00f3 de noves tecnologies amb l\u2019objectiu d\u2019augmentar el rendiment i la reducci\u00f3 de la despesa energ\u00e8tica. Compromesos amb la sostenibilitat. Fomentem el creixement econ\u00f2mic sostenible, l\u2019equilibri mediambiental i responsabilitat social. A Mavinil, oferim solucions [&hellip;]<\/p>\n","protected":false},"author":1,"featured_media":0,"parent":0,"menu_order":10,"comment_status":"closed","ping_status":"closed","template":"page-no-title","meta":{"footnotes":""},"class_list":["post-411","page","type-page","status-publish","hentry"],"_links":{"self":[{"href":"https:\/\/mavinil.es\/index.php\/wp-json\/wp\/v2\/pages\/411","targetHints":{"allow":["GET"]}}],"collection":[{"href":"https:\/\/mavinil.es\/index.php\/wp-json\/wp\/v2\/pages"}],"about":[{"href":"https:\/\/mavinil.es\/index.php\/wp-json\/wp\/v2\/types\/page"}],"author":[{"embeddable":true,"href":"https:\/\/mavinil.es\/index.php\/wp-json\/wp\/v2\/users\/1"}],"replies":[{"embeddable":true,"href":"https:\/\/mavinil.es\/index.php\/wp-json\/wp\/v2\/comments?post=411"}],"version-history":[{"count":15,"href":"https:\/\/mavinil.es\/index.php\/wp-json\/wp\/v2\/pages\/411\/revisions"}],"predecessor-version":[{"id":765,"href":"https:\/\/mavinil.es\/index.php\/wp-json\/wp\/v2\/pages\/411\/revisions\/765"}],"wp:attachment":[{"href":"https:\/\/mavinil.es\/index.php\/wp-json\/wp\/v2\/media?parent=411"}],"curies":[{"name":"wp","href":"https:\/\/api.w.org\/{rel}","templated":true}]}}