{"id":889,"date":"2024-08-14T11:16:39","date_gmt":"2024-08-14T11:16:39","guid":{"rendered":"https:\/\/mavinil.es\/index.php\/inici-francais\/"},"modified":"2024-09-13T10:56:39","modified_gmt":"2024-09-13T10:56:39","slug":"inici-francais","status":"publish","type":"page","link":"https:\/\/mavinil.es\/index.php\/fr\/inici-francais\/","title":{"rendered":"Inici &#8211; FRA"},"content":{"rendered":"\n<div class=\"wp-block-group alignfull has-global-padding is-layout-constrained wp-block-group-is-layout-constrained\" style=\"margin-top:0px;margin-bottom:0px\">\n<div class=\"wp-block-columns alignfull is-layout-flex wp-container-core-columns-is-layout-1 wp-block-columns-is-layout-flex\">\n<div class=\"wp-block-column is-layout-flow wp-block-column-is-layout-flow\"><div id=\"metaslider-id-1257\" style=\"width: 100%; margin: 0 auto;\" class=\"ml-slider-3-107-0 metaslider metaslider-flex metaslider-1257 ml-slider has-dots-nav ms-theme-outline\" role=\"region\" aria-label=\"Portada FRA\" data-height=\"1087\" data-width=\"2499\">\n    <div id=\"metaslider_container_1257\">\n        <div id=\"metaslider_1257\">\n            <ul class='slides'>\n                <li style=\"display: block; width: 100%;\" class=\"slide-1258 ms-image \" aria-roledescription=\"slide\" data-date=\"2024-09-13 10:55:39\" data-filename=\"SLIDER-FR-01.jpg\" data-slide-type=\"image\"><img loading=\"lazy\" decoding=\"async\" src=\"https:\/\/mavinil.es\/wp-content\/uploads\/2024\/10\/SLIDER-FR-01.jpg\" height=\"1087\" width=\"2499\" alt=\"Mavinil SA\" class=\"slider-1257 slide-1258 msDefaultImage\" title=\"Mavinil SA\" \/><\/li>\n                <li style=\"display: none; width: 100%;\" class=\"slide-1259 ms-image \" aria-roledescription=\"slide\" data-date=\"2024-09-13 10:55:39\" data-filename=\"SLIDER-FR-02.jpg\" data-slide-type=\"image\"><img loading=\"lazy\" decoding=\"async\" src=\"https:\/\/mavinil.es\/wp-content\/uploads\/2024\/10\/SLIDER-FR-02.jpg\" height=\"1087\" width=\"2499\" alt=\"Mavinil SA\" class=\"slider-1257 slide-1259 msDefaultImage\" title=\"Mavinil SA\" \/><\/li>\n                <li style=\"display: none; width: 100%;\" class=\"slide-1260 ms-image \" aria-roledescription=\"slide\" data-date=\"2024-09-13 10:55:39\" data-filename=\"SLIDER-FR-03.jpg\" data-slide-type=\"image\"><img loading=\"lazy\" decoding=\"async\" src=\"https:\/\/mavinil.es\/wp-content\/uploads\/2024\/10\/SLIDER-FR-03.jpg\" height=\"1087\" width=\"2499\" alt=\"Mavinil SA\" class=\"slider-1257 slide-1260 msDefaultImage\" title=\"Mavinil SA\" \/><\/li>\n                <li style=\"display: none; width: 100%;\" class=\"slide-1261 ms-image \" aria-roledescription=\"slide\" data-date=\"2024-09-13 10:55:39\" data-filename=\"SLIDER-FR-05.jpg\" data-slide-type=\"image\"><img loading=\"lazy\" decoding=\"async\" src=\"https:\/\/mavinil.es\/wp-content\/uploads\/2024\/10\/SLIDER-FR-05.jpg\" height=\"1087\" width=\"2499\" alt=\"Mavinil SA\" class=\"slider-1257 slide-1261 msDefaultImage\" title=\"Mavinil SA\" \/><\/li>\n                <li style=\"display: none; width: 100%;\" class=\"slide-1262 ms-image \" aria-roledescription=\"slide\" data-date=\"2024-09-13 10:55:39\" data-filename=\"SLIDER-FR-06.jpg\" data-slide-type=\"image\"><img loading=\"lazy\" decoding=\"async\" src=\"https:\/\/mavinil.es\/wp-content\/uploads\/2024\/10\/SLIDER-FR-06.jpg\" height=\"1087\" width=\"2499\" alt=\"Mavinil SA\" class=\"slider-1257 slide-1262 msDefaultImage\" title=\"Mavinil SA\" \/><\/li>\n            <\/ul>\n        <\/div>\n        \n    <\/div>\n<\/div>\n<\/div>\n<\/div>\n<\/div>\n\n\n\n<div class=\"wp-block-group xixa has-global-padding is-layout-constrained wp-block-group-is-layout-constrained\" style=\"margin-top:50px;margin-bottom:0px\">\n<div class=\"wp-block-columns is-layout-flex wp-container-core-columns-is-layout-2 wp-block-columns-is-layout-flex\">\n<div class=\"wp-block-column is-layout-flow wp-block-column-is-layout-flow\" style=\"flex-basis:25%\">\n<figure class=\"wp-block-image aligncenter size-full is-resized\"><img loading=\"lazy\" decoding=\"async\" width=\"249\" height=\"248\" src=\"https:\/\/mavinil.es\/wp-content\/uploads\/2024\/08\/icones-portada-250-PX_Mesa-de-trabajo-1.png\" alt=\"\" class=\"wp-image-187\" style=\"width:100px\" srcset=\"https:\/\/mavinil.es\/wp-content\/uploads\/2024\/08\/icones-portada-250-PX_Mesa-de-trabajo-1.png 249w, https:\/\/mavinil.es\/wp-content\/uploads\/2024\/08\/icones-portada-250-PX_Mesa-de-trabajo-1-150x150.png 150w, https:\/\/mavinil.es\/wp-content\/uploads\/2024\/08\/icones-portada-250-PX_Mesa-de-trabajo-1-12x12.png 12w\" sizes=\"auto, (max-width: 249px) 100vw, 249px\" \/><\/figure>\n\n\n\n<h4 class=\"wp-block-heading has-text-align-center has-accent-3-color has-text-color has-link-color wp-elements-a086dacf8745797fa99f598be3846053\" style=\"margin-top:10px\"><strong>Excellence en termes de traitement des mati\u00e8res plastiques.<\/strong><\/h4>\n<\/div>\n\n\n\n<div class=\"wp-block-column is-layout-flow wp-block-column-is-layout-flow\" style=\"flex-basis:25%\">\n<figure class=\"wp-block-image aligncenter size-full is-resized\"><img loading=\"lazy\" decoding=\"async\" width=\"249\" height=\"248\" src=\"https:\/\/mavinil.es\/wp-content\/uploads\/2024\/08\/icones-portada-250-PX_Mesa-de-trabajo-1-copia.png\" alt=\"\" class=\"wp-image-188\" style=\"width:100px\" srcset=\"https:\/\/mavinil.es\/wp-content\/uploads\/2024\/08\/icones-portada-250-PX_Mesa-de-trabajo-1-copia.png 249w, https:\/\/mavinil.es\/wp-content\/uploads\/2024\/08\/icones-portada-250-PX_Mesa-de-trabajo-1-copia-150x150.png 150w, https:\/\/mavinil.es\/wp-content\/uploads\/2024\/08\/icones-portada-250-PX_Mesa-de-trabajo-1-copia-12x12.png 12w\" sizes=\"auto, (max-width: 249px) 100vw, 249px\" \/><\/figure>\n\n\n\n<h4 class=\"wp-block-heading has-text-align-center has-accent-3-color has-text-color has-link-color wp-elements-e8dc3bcfefca8bf6df30d37e5c8a0cf0\" style=\"margin-top:10px\"><strong>Laboratoire R&amp;D<\/strong><\/h4>\n<\/div>\n\n\n\n<div class=\"wp-block-column is-layout-flow wp-block-column-is-layout-flow\" style=\"flex-basis:25%\">\n<figure class=\"wp-block-image aligncenter size-full is-resized\"><img loading=\"lazy\" decoding=\"async\" width=\"249\" height=\"254\" src=\"https:\/\/mavinil.es\/wp-content\/uploads\/2024\/08\/icones-portada-250-PX_Mesa-de-trabajo-1-copia-2.png\" alt=\"\" class=\"wp-image-189\" style=\"width:100px\" srcset=\"https:\/\/mavinil.es\/wp-content\/uploads\/2024\/08\/icones-portada-250-PX_Mesa-de-trabajo-1-copia-2.png 249w, https:\/\/mavinil.es\/wp-content\/uploads\/2024\/08\/icones-portada-250-PX_Mesa-de-trabajo-1-copia-2-12x12.png 12w\" sizes=\"auto, (max-width: 249px) 100vw, 249px\" \/><\/figure>\n\n\n\n<h4 class=\"wp-block-heading has-text-align-center has-accent-3-color has-text-color has-link-color wp-elements-05f1437bf63dd08f338f01d0f9ffa67f\" style=\"margin-top:10px\"><strong>S\u00e9paration du PVC bicouche<\/strong><br>R\u00e9sultats adapt\u00e9s aux secteurs de l\u2019injection, du calandrage et de l\u2019extrusion.<\/h4>\n<\/div>\n\n\n\n<div class=\"wp-block-column is-layout-flow wp-block-column-is-layout-flow\" style=\"flex-basis:25%\">\n<figure class=\"wp-block-image aligncenter size-full is-resized\"><img loading=\"lazy\" decoding=\"async\" width=\"249\" height=\"254\" src=\"https:\/\/mavinil.es\/wp-content\/uploads\/2024\/08\/icones-portada-250-PX_Mesa-de-trabajo-1-copia-3.png\" alt=\"\" class=\"wp-image-190\" style=\"width:100px\" srcset=\"https:\/\/mavinil.es\/wp-content\/uploads\/2024\/08\/icones-portada-250-PX_Mesa-de-trabajo-1-copia-3.png 249w, https:\/\/mavinil.es\/wp-content\/uploads\/2024\/08\/icones-portada-250-PX_Mesa-de-trabajo-1-copia-3-12x12.png 12w\" sizes=\"auto, (max-width: 249px) 100vw, 249px\" \/><\/figure>\n\n\n\n<h4 class=\"wp-block-heading has-text-align-center has-accent-3-color has-text-color has-link-color wp-elements-15da0f4eafdf38083e8063cd67dbe8fe\" style=\"margin-top:10px\"><strong>Nous proposons<\/strong> des r\u00e9ponses sur mesure pour offrir la <strong>meilleure solution<\/strong>.<\/h4>\n<\/div>\n<\/div>\n\n\n\n<div class=\"wp-block-columns is-layout-flex wp-container-core-columns-is-layout-3 wp-block-columns-is-layout-flex\" style=\"margin-top:50px;padding-top:0px;padding-bottom:0px\">\n<div class=\"wp-block-column is-layout-flow wp-block-column-is-layout-flow\" style=\"border-bottom-color:var(--wp--preset--color--custom-color-1);border-bottom-width:7px\">\n<figure class=\"wp-block-image size-full\"><a href=\"https:\/\/mavinil.es\/index.php\/fr\/dechiquetage\/\"><img loading=\"lazy\" decoding=\"async\" width=\"598\" height=\"598\" src=\"https:\/\/mavinil.es\/wp-content\/uploads\/2024\/08\/FOTOS-PORTADA-600PX_Mesa-de-trabajo-1.jpg\" alt=\"\" class=\"wp-image-214\" srcset=\"https:\/\/mavinil.es\/wp-content\/uploads\/2024\/08\/FOTOS-PORTADA-600PX_Mesa-de-trabajo-1.jpg 598w, https:\/\/mavinil.es\/wp-content\/uploads\/2024\/08\/FOTOS-PORTADA-600PX_Mesa-de-trabajo-1-300x300.jpg 300w, https:\/\/mavinil.es\/wp-content\/uploads\/2024\/08\/FOTOS-PORTADA-600PX_Mesa-de-trabajo-1-150x150.jpg 150w, https:\/\/mavinil.es\/wp-content\/uploads\/2024\/08\/FOTOS-PORTADA-600PX_Mesa-de-trabajo-1-12x12.jpg 12w\" sizes=\"auto, (max-width: 598px) 100vw, 598px\" \/><\/a><\/figure>\n\n\n\n<h3 class=\"wp-block-heading has-text-align-center colH1 has-accent-3-color has-text-color has-link-color wp-elements-e6d961b04d5126e321e86068cf21ff04\" style=\"margin-top:10px;margin-bottom:5px;padding-top:0px;padding-bottom:0px\"><a href=\"https:\/\/mavinil.es\/index.php\/fr\/dechiquetage\/\" data-type=\"page\" data-id=\"1022\">Broyage<\/a><\/h3>\n<\/div>\n\n\n\n<div class=\"wp-block-column is-layout-flow wp-block-column-is-layout-flow\" style=\"border-bottom-color:var(--wp--preset--color--custom-color-2);border-bottom-width:7px\">\n<figure class=\"wp-block-image size-full\"><a href=\"https:\/\/mavinil.es\/index.php\/fr\/micronisation\/\"><img loading=\"lazy\" decoding=\"async\" width=\"598\" height=\"598\" src=\"https:\/\/mavinil.es\/wp-content\/uploads\/2024\/08\/FOTOS-PORTADA-600PX_Micronitzacio.jpg\" alt=\"\" class=\"wp-image-215\" srcset=\"https:\/\/mavinil.es\/wp-content\/uploads\/2024\/08\/FOTOS-PORTADA-600PX_Micronitzacio.jpg 598w, https:\/\/mavinil.es\/wp-content\/uploads\/2024\/08\/FOTOS-PORTADA-600PX_Micronitzacio-300x300.jpg 300w, https:\/\/mavinil.es\/wp-content\/uploads\/2024\/08\/FOTOS-PORTADA-600PX_Micronitzacio-150x150.jpg 150w, https:\/\/mavinil.es\/wp-content\/uploads\/2024\/08\/FOTOS-PORTADA-600PX_Micronitzacio-12x12.jpg 12w\" sizes=\"auto, (max-width: 598px) 100vw, 598px\" \/><\/a><\/figure>\n\n\n\n<h3 class=\"wp-block-heading has-text-align-center colH2 has-accent-3-color has-text-color has-link-color wp-elements-e00cbd330bc2508e5786be1126df8b70\" style=\"margin-top:10px;margin-bottom:5px;padding-top:0px;padding-bottom:0px\"><a href=\"https:\/\/mavinil.es\/index.php\/fr\/micronisation\/\" data-type=\"page\" data-id=\"1025\">Micronisation<\/a><\/h3>\n<\/div>\n\n\n\n<div class=\"wp-block-column is-layout-flow wp-block-column-is-layout-flow\" style=\"border-bottom-color:var(--wp--preset--color--custom-color-3);border-bottom-width:7px\">\n<figure class=\"wp-block-image size-full\"><a href=\"https:\/\/mavinil.es\/index.php\/fr\/separation-des-fibres-fra\/\"><img loading=\"lazy\" decoding=\"async\" width=\"598\" height=\"598\" src=\"https:\/\/mavinil.es\/wp-content\/uploads\/2024\/08\/FOTOS-PORTADA-600PX_Separacio-fibres.jpg\" alt=\"\" class=\"wp-image-216\" srcset=\"https:\/\/mavinil.es\/wp-content\/uploads\/2024\/08\/FOTOS-PORTADA-600PX_Separacio-fibres.jpg 598w, https:\/\/mavinil.es\/wp-content\/uploads\/2024\/08\/FOTOS-PORTADA-600PX_Separacio-fibres-300x300.jpg 300w, https:\/\/mavinil.es\/wp-content\/uploads\/2024\/08\/FOTOS-PORTADA-600PX_Separacio-fibres-150x150.jpg 150w, https:\/\/mavinil.es\/wp-content\/uploads\/2024\/08\/FOTOS-PORTADA-600PX_Separacio-fibres-12x12.jpg 12w\" sizes=\"auto, (max-width: 598px) 100vw, 598px\" \/><\/a><\/figure>\n\n\n\n<h3 class=\"wp-block-heading has-text-align-center colH3 has-accent-3-color has-text-color has-link-color wp-elements-589ed0fe39ad3291a8ac3da0306b319a\" style=\"margin-top:10px;margin-bottom:5px;padding-top:0px;padding-bottom:0px\"><a href=\"https:\/\/mavinil.es\/index.php\/fr\/separation-des-fibres-fra\/\" data-type=\"page\" data-id=\"1028\">S\u00e9paration de fibres<\/a><\/h3>\n<\/div>\n<\/div>\n\n\n\n<div class=\"wp-block-columns is-layout-flex wp-container-core-columns-is-layout-4 wp-block-columns-is-layout-flex\" style=\"margin-top:30px;padding-top:0px;padding-bottom:0px\">\n<div class=\"wp-block-column is-layout-flow wp-block-column-is-layout-flow\" style=\"border-bottom-color:var(--wp--preset--color--custom-color-4);border-bottom-width:7px\">\n<figure class=\"wp-block-image size-full\"><a href=\"https:\/\/mavinil.es\/index.php\/fr\/autres-activites-fra\/\"><img loading=\"lazy\" decoding=\"async\" width=\"598\" height=\"598\" src=\"https:\/\/mavinil.es\/wp-content\/uploads\/2024\/08\/FOTOS-PORTADA-600PX_Altres-activitats.jpg\" alt=\"\" class=\"wp-image-217\" srcset=\"https:\/\/mavinil.es\/wp-content\/uploads\/2024\/08\/FOTOS-PORTADA-600PX_Altres-activitats.jpg 598w, https:\/\/mavinil.es\/wp-content\/uploads\/2024\/08\/FOTOS-PORTADA-600PX_Altres-activitats-300x300.jpg 300w, https:\/\/mavinil.es\/wp-content\/uploads\/2024\/08\/FOTOS-PORTADA-600PX_Altres-activitats-150x150.jpg 150w, https:\/\/mavinil.es\/wp-content\/uploads\/2024\/08\/FOTOS-PORTADA-600PX_Altres-activitats-12x12.jpg 12w\" sizes=\"auto, (max-width: 598px) 100vw, 598px\" \/><\/a><\/figure>\n\n\n\n<h3 class=\"wp-block-heading has-text-align-center colH4 has-accent-3-color has-text-color has-link-color wp-elements-cf2efbe4b29b3f0701bfdefb33f709b0\" style=\"margin-top:10px;margin-bottom:5px;padding-top:0px;padding-bottom:0px\"><a href=\"https:\/\/mavinil.es\/index.php\/fr\/autres-activites-fra\/\" data-type=\"page\" data-id=\"1031\">Autres activit\u00e9s<\/a><\/h3>\n<\/div>\n\n\n\n<div class=\"wp-block-column is-layout-flow wp-block-column-is-layout-flow\" style=\"border-bottom-color:var(--wp--preset--color--custom-color-5);border-bottom-width:7px\">\n<figure class=\"wp-block-image size-full\"><a href=\"https:\/\/mavinil.es\/index.php\/fr\/laboratoire-rd-fra\/\"><img loading=\"lazy\" decoding=\"async\" width=\"598\" height=\"598\" src=\"https:\/\/mavinil.es\/wp-content\/uploads\/2024\/08\/FOTOS-PORTADA-600PX_laboratori.jpg\" alt=\"\" class=\"wp-image-218\" srcset=\"https:\/\/mavinil.es\/wp-content\/uploads\/2024\/08\/FOTOS-PORTADA-600PX_laboratori.jpg 598w, https:\/\/mavinil.es\/wp-content\/uploads\/2024\/08\/FOTOS-PORTADA-600PX_laboratori-300x300.jpg 300w, https:\/\/mavinil.es\/wp-content\/uploads\/2024\/08\/FOTOS-PORTADA-600PX_laboratori-150x150.jpg 150w, https:\/\/mavinil.es\/wp-content\/uploads\/2024\/08\/FOTOS-PORTADA-600PX_laboratori-12x12.jpg 12w\" sizes=\"auto, (max-width: 598px) 100vw, 598px\" \/><\/a><\/figure>\n\n\n\n<h3 class=\"wp-block-heading has-text-align-center colH5 has-accent-3-color has-text-color has-link-color wp-elements-ca6e3d885e28d192ab6f75f5d7c7fcfc\" style=\"margin-top:10px;margin-bottom:5px;padding-top:0px;padding-bottom:0px\"><a href=\"https:\/\/mavinil.es\/index.php\/fr\/laboratoire-rd-fra\/\" data-type=\"page\" data-id=\"1034\">Laboratoire R&amp;D<\/a><\/h3>\n<\/div>\n\n\n\n<div class=\"wp-block-column is-layout-flow wp-block-column-is-layout-flow\" style=\"border-bottom-color:var(--wp--preset--color--custom-color-6);border-bottom-width:7px\">\n<figure class=\"wp-block-image size-full\"><a href=\"https:\/\/mavinil.es\/index.php\/fr\/formation-fra\/\"><img loading=\"lazy\" decoding=\"async\" width=\"598\" height=\"598\" src=\"https:\/\/mavinil.es\/wp-content\/uploads\/2024\/08\/FOTOS-PORTADA-600PX_Formacio.jpg\" alt=\"\" class=\"wp-image-219\" srcset=\"https:\/\/mavinil.es\/wp-content\/uploads\/2024\/08\/FOTOS-PORTADA-600PX_Formacio.jpg 598w, https:\/\/mavinil.es\/wp-content\/uploads\/2024\/08\/FOTOS-PORTADA-600PX_Formacio-300x300.jpg 300w, https:\/\/mavinil.es\/wp-content\/uploads\/2024\/08\/FOTOS-PORTADA-600PX_Formacio-150x150.jpg 150w, https:\/\/mavinil.es\/wp-content\/uploads\/2024\/08\/FOTOS-PORTADA-600PX_Formacio-12x12.jpg 12w\" sizes=\"auto, (max-width: 598px) 100vw, 598px\" \/><\/a><\/figure>\n\n\n\n<h3 class=\"wp-block-heading has-text-align-center colH6 has-accent-3-color has-text-color has-link-color wp-elements-a99406462bc6f0bffeb5516c63ca7b73\" style=\"margin-top:10px;margin-bottom:5px;padding-top:0px;padding-bottom:0px\"><a href=\"https:\/\/mavinil.es\/index.php\/fr\/formation-fra\/\" data-type=\"page\" data-id=\"1040\">Formation<\/a><\/h3>\n<\/div>\n<\/div>\n\n\n\n<div class=\"wp-block-columns is-layout-flex wp-container-core-columns-is-layout-5 wp-block-columns-is-layout-flex\" style=\"margin-top:30px;padding-top:0px;padding-bottom:0px\">\n<div class=\"wp-block-column is-layout-flow wp-block-column-is-layout-flow\" style=\"border-bottom-color:var(--wp--preset--color--custom-color-7);border-bottom-width:7px\">\n<figure class=\"wp-block-image size-full\"><a href=\"https:\/\/mavinil.es\/index.php\/fr\/separation-des-fibres-fra\/\"><img loading=\"lazy\" decoding=\"async\" width=\"598\" height=\"598\" src=\"https:\/\/mavinil.es\/wp-content\/uploads\/2024\/08\/FOTOS-PORTADA-600PX_separacio-bicapa.jpg\" alt=\"\" class=\"wp-image-220\" srcset=\"https:\/\/mavinil.es\/wp-content\/uploads\/2024\/08\/FOTOS-PORTADA-600PX_separacio-bicapa.jpg 598w, https:\/\/mavinil.es\/wp-content\/uploads\/2024\/08\/FOTOS-PORTADA-600PX_separacio-bicapa-300x300.jpg 300w, https:\/\/mavinil.es\/wp-content\/uploads\/2024\/08\/FOTOS-PORTADA-600PX_separacio-bicapa-150x150.jpg 150w, https:\/\/mavinil.es\/wp-content\/uploads\/2024\/08\/FOTOS-PORTADA-600PX_separacio-bicapa-12x12.jpg 12w\" sizes=\"auto, (max-width: 598px) 100vw, 598px\" \/><\/a><\/figure>\n\n\n\n<h3 class=\"wp-block-heading has-text-align-center colH7 has-accent-3-color has-text-color has-link-color wp-elements-6a72c565afbc47624af21e13914adc1e\" style=\"margin-top:10px;margin-bottom:5px;padding-top:0px;padding-bottom:0px\"><a href=\"https:\/\/mavinil.es\/index.php\/fr\/separation-des-fibres-fra\/\" data-type=\"page\" data-id=\"1028\">S\u00e9paration de bicouches<\/a><\/h3>\n<\/div>\n\n\n\n<div class=\"wp-block-column is-layout-flow wp-block-column-is-layout-flow\" style=\"border-bottom-color:var(--wp--preset--color--custom-color-8);border-bottom-width:7px\">\n<figure class=\"wp-block-image size-full\"><a href=\"https:\/\/mavinil.es\/index.php\/fr\/la-compagnie\/\"><img loading=\"lazy\" decoding=\"async\" width=\"598\" height=\"598\" src=\"https:\/\/mavinil.es\/wp-content\/uploads\/2024\/08\/FOTOS-PORTADA-600PX_QUi-som.jpg\" alt=\"\" class=\"wp-image-221\" srcset=\"https:\/\/mavinil.es\/wp-content\/uploads\/2024\/08\/FOTOS-PORTADA-600PX_QUi-som.jpg 598w, https:\/\/mavinil.es\/wp-content\/uploads\/2024\/08\/FOTOS-PORTADA-600PX_QUi-som-300x300.jpg 300w, https:\/\/mavinil.es\/wp-content\/uploads\/2024\/08\/FOTOS-PORTADA-600PX_QUi-som-150x150.jpg 150w, https:\/\/mavinil.es\/wp-content\/uploads\/2024\/08\/FOTOS-PORTADA-600PX_QUi-som-12x12.jpg 12w\" sizes=\"auto, (max-width: 598px) 100vw, 598px\" \/><\/a><\/figure>\n\n\n\n<h3 class=\"wp-block-heading has-text-align-center colH8 has-accent-3-color has-text-color has-link-color wp-elements-2e248ab65e6d9e41138c4a440417c613\" style=\"margin-top:10px;margin-bottom:5px;padding-top:0px;padding-bottom:0px\"><a href=\"https:\/\/mavinil.es\/index.php\/fr\/la-compagnie\/\" data-type=\"page\" data-id=\"1019\">\u00c0 propos<\/a><\/h3>\n<\/div>\n\n\n\n<div class=\"wp-block-column is-layout-flow wp-block-column-is-layout-flow\" style=\"border-bottom-color:var(--wp--preset--color--custom-color-9);border-bottom-width:7px\">\n<figure class=\"wp-block-image size-full\"><a href=\"https:\/\/mavinil.es\/index.php\/fr\/sostenibilite-fra\/\"><img loading=\"lazy\" decoding=\"async\" width=\"598\" height=\"598\" src=\"https:\/\/mavinil.es\/wp-content\/uploads\/2024\/08\/FOTOS-PORTADA-600PX_Sostenibilitat.jpg\" alt=\"\" class=\"wp-image-222\" srcset=\"https:\/\/mavinil.es\/wp-content\/uploads\/2024\/08\/FOTOS-PORTADA-600PX_Sostenibilitat.jpg 598w, https:\/\/mavinil.es\/wp-content\/uploads\/2024\/08\/FOTOS-PORTADA-600PX_Sostenibilitat-300x300.jpg 300w, https:\/\/mavinil.es\/wp-content\/uploads\/2024\/08\/FOTOS-PORTADA-600PX_Sostenibilitat-150x150.jpg 150w, https:\/\/mavinil.es\/wp-content\/uploads\/2024\/08\/FOTOS-PORTADA-600PX_Sostenibilitat-12x12.jpg 12w\" sizes=\"auto, (max-width: 598px) 100vw, 598px\" \/><\/a><\/figure>\n\n\n\n<h3 class=\"wp-block-heading has-text-align-center colH9 has-accent-3-color has-text-color has-link-color wp-elements-953a264700c79834dfa611b9ae37f639\" style=\"margin-top:10px;margin-bottom:5px;padding-top:0px;padding-bottom:0px\"><a href=\"https:\/\/mavinil.es\/index.php\/fr\/sostenibilite-fra\/\" data-type=\"page\" data-id=\"1037\">Durabilit\u00e9<\/a><\/h3>\n<\/div>\n<\/div>\n<\/div>\n","protected":false},"excerpt":{"rendered":"<p>Excellence en termes de traitement des mati\u00e8res plastiques. Laboratoire R&amp;D S\u00e9paration du PVC bicoucheR\u00e9sultats adapt\u00e9s aux secteurs de l\u2019injection, du calandrage et de l\u2019extrusion. Nous proposons des r\u00e9ponses sur mesure pour offrir la meilleure solution. Broyage Micronisation S\u00e9paration de fibres Autres activit\u00e9s Laboratoire R&amp;D Formation S\u00e9paration de bicouches \u00c0 propos Durabilit\u00e9<\/p>\n","protected":false},"author":1,"featured_media":0,"parent":0,"menu_order":0,"comment_status":"closed","ping_status":"closed","template":"wp-custom-template-p-gina-sense-t-tol-fra","meta":{"footnotes":""},"class_list":["post-889","page","type-page","status-publish","hentry"],"_links":{"self":[{"href":"https:\/\/mavinil.es\/index.php\/wp-json\/wp\/v2\/pages\/889","targetHints":{"allow":["GET"]}}],"collection":[{"href":"https:\/\/mavinil.es\/index.php\/wp-json\/wp\/v2\/pages"}],"about":[{"href":"https:\/\/mavinil.es\/index.php\/wp-json\/wp\/v2\/types\/page"}],"author":[{"embeddable":true,"href":"https:\/\/mavinil.es\/index.php\/wp-json\/wp\/v2\/users\/1"}],"replies":[{"embeddable":true,"href":"https:\/\/mavinil.es\/index.php\/wp-json\/wp\/v2\/comments?post=889"}],"version-history":[{"count":16,"href":"https:\/\/mavinil.es\/index.php\/wp-json\/wp\/v2\/pages\/889\/revisions"}],"predecessor-version":[{"id":1263,"href":"https:\/\/mavinil.es\/index.php\/wp-json\/wp\/v2\/pages\/889\/revisions\/1263"}],"wp:attachment":[{"href":"https:\/\/mavinil.es\/index.php\/wp-json\/wp\/v2\/media?parent=889"}],"curies":[{"name":"wp","href":"https:\/\/api.w.org\/{rel}","templated":true}]}}