{"id":96,"date":"2024-08-12T09:43:12","date_gmt":"2024-08-12T09:43:12","guid":{"rendered":"https:\/\/mavinil.es\/?page_id=96"},"modified":"2024-10-14T11:04:46","modified_gmt":"2024-10-14T11:04:46","slug":"inici","status":"publish","type":"page","link":"https:\/\/mavinil.es\/","title":{"rendered":"Inici"},"content":{"rendered":"\n<div class=\"wp-block-group alignfull has-global-padding is-layout-constrained wp-block-group-is-layout-constrained\" style=\"margin-top:0px;margin-bottom:0px\">\n<div class=\"wp-block-columns alignfull is-layout-flex wp-container-core-columns-is-layout-1 wp-block-columns-is-layout-flex\">\n<div class=\"wp-block-column is-layout-flow wp-block-column-is-layout-flow\"><div id=\"metaslider-id-509\" style=\"width: 100%; margin: 0 auto;\" class=\"ml-slider-3-108-0 metaslider metaslider-flex metaslider-509 ml-slider has-dots-nav ms-theme-outline\" role=\"region\" aria-label=\"Portada\" data-height=\"1087\" data-width=\"2499\">\n    <div id=\"metaslider_container_509\">\n        <div id=\"metaslider_509\">\n            <ul class='slides'>\n                <li style=\"display: block; width: 100%;\" class=\"slide-514 ms-image \" aria-roledescription=\"slide\" data-date=\"2024-08-12 17:23:34\" data-filename=\"SLIDER-PPAL-01.jpg\" data-slide-type=\"image\"><img loading=\"lazy\" decoding=\"async\" src=\"https:\/\/mavinil.es\/wp-content\/uploads\/2024\/08\/SLIDER-PPAL-01.jpg\" height=\"1087\" width=\"2499\" alt=\"Mavinil SA\" class=\"slider-509 slide-514 msDefaultImage\" title=\"Mavinil SA\" \/><\/li>\n                <li style=\"display: none; width: 100%;\" class=\"slide-515 ms-image \" aria-roledescription=\"slide\" data-date=\"2024-08-12 17:23:34\" data-filename=\"SLIDER-PPAL-02.jpg\" data-slide-type=\"image\"><img loading=\"lazy\" decoding=\"async\" src=\"https:\/\/mavinil.es\/wp-content\/uploads\/2024\/08\/SLIDER-PPAL-02.jpg\" height=\"1087\" width=\"2499\" alt=\"Mavinil SA\" class=\"slider-509 slide-515 msDefaultImage\" title=\"Mavinil SA\" \/><\/li>\n                <li style=\"display: none; width: 100%;\" class=\"slide-596 ms-image \" aria-roledescription=\"slide\" data-date=\"2024-08-12 19:01:42\" data-filename=\"SLIDER-PPAL-03.jpg\" data-slide-type=\"image\"><img loading=\"lazy\" decoding=\"async\" src=\"https:\/\/mavinil.es\/wp-content\/uploads\/2024\/08\/SLIDER-PPAL-03.jpg\" height=\"1087\" width=\"2499\" alt=\"Mavinil SA\" class=\"slider-509 slide-596 msDefaultImage\" title=\"Mavinil SA\" \/><\/li>\n                <li style=\"display: none; width: 100%;\" class=\"slide-600 ms-image \" aria-roledescription=\"slide\" data-date=\"2024-08-12 19:03:58\" data-filename=\"SLIDER-PPAL-05.jpg\" data-slide-type=\"image\"><img loading=\"lazy\" decoding=\"async\" src=\"https:\/\/mavinil.es\/wp-content\/uploads\/2024\/08\/SLIDER-PPAL-05.jpg\" height=\"1087\" width=\"2499\" alt=\"Mavinil SA\" class=\"slider-509 slide-600 msDefaultImage\" title=\"Mavinil SA\" \/><\/li>\n                <li style=\"display: none; width: 100%;\" class=\"slide-598 ms-image \" aria-roledescription=\"slide\" data-date=\"2024-08-12 19:03:40\" data-filename=\"SLIDER-PPAL-07.jpg\" data-slide-type=\"image\"><img loading=\"lazy\" decoding=\"async\" src=\"https:\/\/mavinil.es\/wp-content\/uploads\/2024\/08\/SLIDER-PPAL-07.jpg\" height=\"1087\" width=\"2499\" alt=\"Mavinil SA\" class=\"slider-509 slide-598 msDefaultImage\" title=\"Mavinil SA\" \/><\/li>\n            <\/ul>\n        <\/div>\n        \n    <\/div>\n<\/div>\n<\/div>\n<\/div>\n<\/div>\n\n\n\n<div class=\"wp-block-group xixa has-global-padding is-layout-constrained wp-block-group-is-layout-constrained\" style=\"margin-top:50px;margin-bottom:0px\">\n<div class=\"wp-block-columns is-layout-flex wp-container-core-columns-is-layout-2 wp-block-columns-is-layout-flex\">\n<div class=\"wp-block-column is-layout-flow wp-block-column-is-layout-flow\" style=\"flex-basis:25%\">\n<figure class=\"wp-block-image aligncenter size-full is-resized\"><img loading=\"lazy\" decoding=\"async\" width=\"249\" height=\"248\" src=\"https:\/\/mavinil.es\/wp-content\/uploads\/2024\/08\/icones-portada-250-PX_Mesa-de-trabajo-1.png\" alt=\"\" class=\"wp-image-187\" style=\"width:100px\" srcset=\"https:\/\/mavinil.es\/wp-content\/uploads\/2024\/08\/icones-portada-250-PX_Mesa-de-trabajo-1.png 249w, https:\/\/mavinil.es\/wp-content\/uploads\/2024\/08\/icones-portada-250-PX_Mesa-de-trabajo-1-150x150.png 150w, https:\/\/mavinil.es\/wp-content\/uploads\/2024\/08\/icones-portada-250-PX_Mesa-de-trabajo-1-12x12.png 12w\" sizes=\"auto, (max-width: 249px) 100vw, 249px\" \/><\/figure>\n\n\n\n<h4 class=\"wp-block-heading has-text-align-center has-accent-3-color has-text-color has-link-color wp-elements-6b2c981df32f7e47be9a378c4d9df4d9\" style=\"margin-top:10px\"><strong>Excel\u00b7l\u00e8ncia<br>en el tractament<br>de mat\u00e8ries pl\u00e0stiques.<\/strong><\/h4>\n<\/div>\n\n\n\n<div class=\"wp-block-column is-layout-flow wp-block-column-is-layout-flow\" style=\"flex-basis:25%\">\n<figure class=\"wp-block-image aligncenter size-full is-resized\"><img loading=\"lazy\" decoding=\"async\" width=\"249\" height=\"248\" src=\"https:\/\/mavinil.es\/wp-content\/uploads\/2024\/08\/icones-portada-250-PX_Mesa-de-trabajo-1-copia.png\" alt=\"\" class=\"wp-image-188\" style=\"width:100px\" srcset=\"https:\/\/mavinil.es\/wp-content\/uploads\/2024\/08\/icones-portada-250-PX_Mesa-de-trabajo-1-copia.png 249w, https:\/\/mavinil.es\/wp-content\/uploads\/2024\/08\/icones-portada-250-PX_Mesa-de-trabajo-1-copia-150x150.png 150w, https:\/\/mavinil.es\/wp-content\/uploads\/2024\/08\/icones-portada-250-PX_Mesa-de-trabajo-1-copia-12x12.png 12w\" sizes=\"auto, (max-width: 249px) 100vw, 249px\" \/><\/figure>\n\n\n\n<h4 class=\"wp-block-heading has-text-align-center has-accent-3-color has-text-color has-link-color wp-elements-106218e672935e75d1eb52b5a6069116\" style=\"margin-top:10px\"><strong>Laboratori I+D<\/strong><br><\/h4>\n<\/div>\n\n\n\n<div class=\"wp-block-column is-layout-flow wp-block-column-is-layout-flow\" style=\"flex-basis:25%\">\n<figure class=\"wp-block-image aligncenter size-full is-resized\"><img loading=\"lazy\" decoding=\"async\" width=\"249\" height=\"254\" src=\"https:\/\/mavinil.es\/wp-content\/uploads\/2024\/08\/icones-portada-250-PX_Mesa-de-trabajo-1-copia-2.png\" alt=\"\" class=\"wp-image-189\" style=\"width:100px\" srcset=\"https:\/\/mavinil.es\/wp-content\/uploads\/2024\/08\/icones-portada-250-PX_Mesa-de-trabajo-1-copia-2.png 249w, https:\/\/mavinil.es\/wp-content\/uploads\/2024\/08\/icones-portada-250-PX_Mesa-de-trabajo-1-copia-2-12x12.png 12w\" sizes=\"auto, (max-width: 249px) 100vw, 249px\" \/><\/figure>\n\n\n\n<h4 class=\"wp-block-heading has-text-align-center has-accent-3-color has-text-color has-link-color wp-elements-6c19763b9d56f8bc18b450667695274d\" style=\"margin-top:10px\"><strong>Separaci\u00f3 de PVC bicapa<\/strong><br>Resultats aptes per als sectors de la injecci\u00f3, calandrant o extrusi\u00f3.<\/h4>\n<\/div>\n\n\n\n<div class=\"wp-block-column is-layout-flow wp-block-column-is-layout-flow\" style=\"flex-basis:25%\">\n<figure class=\"wp-block-image aligncenter size-full is-resized\"><img loading=\"lazy\" decoding=\"async\" width=\"249\" height=\"254\" src=\"https:\/\/mavinil.es\/wp-content\/uploads\/2024\/08\/icones-portada-250-PX_Mesa-de-trabajo-1-copia-3.png\" alt=\"\" class=\"wp-image-190\" style=\"width:100px\" srcset=\"https:\/\/mavinil.es\/wp-content\/uploads\/2024\/08\/icones-portada-250-PX_Mesa-de-trabajo-1-copia-3.png 249w, https:\/\/mavinil.es\/wp-content\/uploads\/2024\/08\/icones-portada-250-PX_Mesa-de-trabajo-1-copia-3-12x12.png 12w\" sizes=\"auto, (max-width: 249px) 100vw, 249px\" \/><\/figure>\n\n\n\n<h4 class=\"wp-block-heading has-text-align-center has-accent-3-color has-text-color has-link-color wp-elements-4666dc34027ea2941db3e30738a0f718\" style=\"margin-top:10px\"><strong>Donem respostes<\/strong><br>personalitzades per oferir<br><strong>la millor soluci\u00f3<\/strong>.<\/h4>\n<\/div>\n<\/div>\n\n\n\n<div class=\"wp-block-columns is-layout-flex wp-container-core-columns-is-layout-3 wp-block-columns-is-layout-flex\" style=\"margin-top:50px;padding-top:0px;padding-bottom:0px\">\n<div class=\"wp-block-column is-layout-flow wp-block-column-is-layout-flow\" style=\"border-bottom-color:var(--wp--preset--color--custom-color-1);border-bottom-width:7px\">\n<figure class=\"wp-block-image size-full\"><a href=\"https:\/\/mavinil.es\/index.php\/trituracio\/\"><img loading=\"lazy\" decoding=\"async\" width=\"598\" height=\"598\" src=\"https:\/\/mavinil.es\/wp-content\/uploads\/2024\/08\/FOTOS-PORTADA-600PX_Mesa-de-trabajo-1.jpg\" alt=\"\" class=\"wp-image-214\" srcset=\"https:\/\/mavinil.es\/wp-content\/uploads\/2024\/08\/FOTOS-PORTADA-600PX_Mesa-de-trabajo-1.jpg 598w, https:\/\/mavinil.es\/wp-content\/uploads\/2024\/08\/FOTOS-PORTADA-600PX_Mesa-de-trabajo-1-300x300.jpg 300w, https:\/\/mavinil.es\/wp-content\/uploads\/2024\/08\/FOTOS-PORTADA-600PX_Mesa-de-trabajo-1-150x150.jpg 150w, https:\/\/mavinil.es\/wp-content\/uploads\/2024\/08\/FOTOS-PORTADA-600PX_Mesa-de-trabajo-1-12x12.jpg 12w\" sizes=\"auto, (max-width: 598px) 100vw, 598px\" \/><\/a><\/figure>\n\n\n\n<h3 class=\"wp-block-heading has-text-align-center colH1 has-accent-3-color has-text-color has-link-color wp-elements-6fb4d23eb57b9f9e32a53cc26e7ab762\" style=\"margin-top:10px;margin-bottom:5px;padding-top:0px;padding-bottom:0px\"><a href=\"https:\/\/mavinil.es\/index.php\/trituracio\/\" data-type=\"page\" data-id=\"108\">Trituraci\u00f3<\/a><\/h3>\n<\/div>\n\n\n\n<div class=\"wp-block-column is-layout-flow wp-block-column-is-layout-flow\" style=\"border-bottom-color:var(--wp--preset--color--custom-color-2);border-bottom-width:7px\">\n<figure class=\"wp-block-image size-full\"><a href=\"https:\/\/mavinil.es\/index.php\/micronitzacio\/\"><img loading=\"lazy\" decoding=\"async\" width=\"598\" height=\"598\" src=\"https:\/\/mavinil.es\/wp-content\/uploads\/2024\/08\/FOTOS-PORTADA-600PX_Micronitzacio.jpg\" alt=\"\" class=\"wp-image-215\" srcset=\"https:\/\/mavinil.es\/wp-content\/uploads\/2024\/08\/FOTOS-PORTADA-600PX_Micronitzacio.jpg 598w, https:\/\/mavinil.es\/wp-content\/uploads\/2024\/08\/FOTOS-PORTADA-600PX_Micronitzacio-300x300.jpg 300w, https:\/\/mavinil.es\/wp-content\/uploads\/2024\/08\/FOTOS-PORTADA-600PX_Micronitzacio-150x150.jpg 150w, https:\/\/mavinil.es\/wp-content\/uploads\/2024\/08\/FOTOS-PORTADA-600PX_Micronitzacio-12x12.jpg 12w\" sizes=\"auto, (max-width: 598px) 100vw, 598px\" \/><\/a><\/figure>\n\n\n\n<h3 class=\"wp-block-heading has-text-align-center colH2 has-accent-3-color has-text-color has-link-color wp-elements-74e54b3ecd30234f67f05d0c9a7c3274\" style=\"margin-top:10px;margin-bottom:5px;padding-top:0px;padding-bottom:0px\"><a href=\"https:\/\/mavinil.es\/index.php\/micronitzacio\/\" data-type=\"page\" data-id=\"145\">Micronitzaci\u00f3<\/a><\/h3>\n<\/div>\n\n\n\n<div class=\"wp-block-column is-layout-flow wp-block-column-is-layout-flow\" style=\"border-bottom-color:var(--wp--preset--color--custom-color-3);border-bottom-width:7px\">\n<figure class=\"wp-block-image size-full\"><a href=\"https:\/\/mavinil.es\/index.php\/separacio-de-fibres\/\"><img loading=\"lazy\" decoding=\"async\" width=\"598\" height=\"598\" src=\"https:\/\/mavinil.es\/wp-content\/uploads\/2024\/08\/FOTOS-PORTADA-600PX_Separacio-fibres.jpg\" alt=\"\" class=\"wp-image-216\" srcset=\"https:\/\/mavinil.es\/wp-content\/uploads\/2024\/08\/FOTOS-PORTADA-600PX_Separacio-fibres.jpg 598w, https:\/\/mavinil.es\/wp-content\/uploads\/2024\/08\/FOTOS-PORTADA-600PX_Separacio-fibres-300x300.jpg 300w, https:\/\/mavinil.es\/wp-content\/uploads\/2024\/08\/FOTOS-PORTADA-600PX_Separacio-fibres-150x150.jpg 150w, https:\/\/mavinil.es\/wp-content\/uploads\/2024\/08\/FOTOS-PORTADA-600PX_Separacio-fibres-12x12.jpg 12w\" sizes=\"auto, (max-width: 598px) 100vw, 598px\" \/><\/a><\/figure>\n\n\n\n<h3 class=\"wp-block-heading has-text-align-center colH3 has-accent-3-color has-text-color has-link-color wp-elements-498e9e3936b217d136b4bd3085fa75ca\" style=\"margin-top:10px;margin-bottom:5px;padding-top:0px;padding-bottom:0px\"><a href=\"https:\/\/mavinil.es\/index.php\/separacio-de-fibres\/\" data-type=\"page\" data-id=\"148\">Separaci\u00f3 de fibres<\/a><\/h3>\n<\/div>\n<\/div>\n\n\n\n<div class=\"wp-block-columns is-layout-flex wp-container-core-columns-is-layout-4 wp-block-columns-is-layout-flex\" style=\"margin-top:30px;padding-top:0px;padding-bottom:0px\">\n<div class=\"wp-block-column is-layout-flow wp-block-column-is-layout-flow\" style=\"border-bottom-color:var(--wp--preset--color--custom-color-4);border-bottom-width:7px\">\n<figure class=\"wp-block-image size-full\"><a href=\"https:\/\/mavinil.es\/index.php\/altres-activitats\/\"><img loading=\"lazy\" decoding=\"async\" width=\"598\" height=\"598\" src=\"https:\/\/mavinil.es\/wp-content\/uploads\/2024\/08\/FOTOS-PORTADA-600PX_Altres-activitats.jpg\" alt=\"\" class=\"wp-image-217\" srcset=\"https:\/\/mavinil.es\/wp-content\/uploads\/2024\/08\/FOTOS-PORTADA-600PX_Altres-activitats.jpg 598w, https:\/\/mavinil.es\/wp-content\/uploads\/2024\/08\/FOTOS-PORTADA-600PX_Altres-activitats-300x300.jpg 300w, https:\/\/mavinil.es\/wp-content\/uploads\/2024\/08\/FOTOS-PORTADA-600PX_Altres-activitats-150x150.jpg 150w, https:\/\/mavinil.es\/wp-content\/uploads\/2024\/08\/FOTOS-PORTADA-600PX_Altres-activitats-12x12.jpg 12w\" sizes=\"auto, (max-width: 598px) 100vw, 598px\" \/><\/a><\/figure>\n\n\n\n<h3 class=\"wp-block-heading has-text-align-center colH4 has-accent-3-color has-text-color has-link-color wp-elements-ece2b890067e4ff18a2e1bd1e3de962e\" style=\"margin-top:10px;margin-bottom:5px;padding-top:0px;padding-bottom:0px\"><a href=\"https:\/\/mavinil.es\/index.php\/altres-activitats\/\" data-type=\"page\" data-id=\"151\">Altres activitats<\/a><\/h3>\n<\/div>\n\n\n\n<div class=\"wp-block-column is-layout-flow wp-block-column-is-layout-flow\" style=\"border-bottom-color:var(--wp--preset--color--custom-color-5);border-bottom-width:7px\">\n<figure class=\"wp-block-image size-full\"><a href=\"https:\/\/mavinil.es\/index.php\/laboratori-id\/\"><img loading=\"lazy\" decoding=\"async\" width=\"598\" height=\"598\" src=\"https:\/\/mavinil.es\/wp-content\/uploads\/2024\/08\/FOTOS-PORTADA-600PX_laboratori.jpg\" alt=\"\" class=\"wp-image-218\" srcset=\"https:\/\/mavinil.es\/wp-content\/uploads\/2024\/08\/FOTOS-PORTADA-600PX_laboratori.jpg 598w, https:\/\/mavinil.es\/wp-content\/uploads\/2024\/08\/FOTOS-PORTADA-600PX_laboratori-300x300.jpg 300w, https:\/\/mavinil.es\/wp-content\/uploads\/2024\/08\/FOTOS-PORTADA-600PX_laboratori-150x150.jpg 150w, https:\/\/mavinil.es\/wp-content\/uploads\/2024\/08\/FOTOS-PORTADA-600PX_laboratori-12x12.jpg 12w\" sizes=\"auto, (max-width: 598px) 100vw, 598px\" \/><\/a><\/figure>\n\n\n\n<h3 class=\"wp-block-heading has-text-align-center colH5 has-accent-3-color has-text-color has-link-color wp-elements-ed22ab1fd3646e8daeabdc124ea01ac2\" style=\"margin-top:10px;margin-bottom:5px;padding-top:0px;padding-bottom:0px\"><a href=\"https:\/\/mavinil.es\/index.php\/laboratori-id\/\" data-type=\"page\" data-id=\"372\">Laboratori I+D<\/a><\/h3>\n<\/div>\n\n\n\n<div class=\"wp-block-column is-layout-flow wp-block-column-is-layout-flow\" style=\"border-bottom-color:var(--wp--preset--color--custom-color-6);border-bottom-width:7px\">\n<figure class=\"wp-block-image size-full\"><a href=\"https:\/\/mavinil.es\/index.php\/formacio\/\"><img loading=\"lazy\" decoding=\"async\" width=\"598\" height=\"598\" src=\"https:\/\/mavinil.es\/wp-content\/uploads\/2024\/08\/FOTOS-PORTADA-600PX_Formacio.jpg\" alt=\"\" class=\"wp-image-219\" srcset=\"https:\/\/mavinil.es\/wp-content\/uploads\/2024\/08\/FOTOS-PORTADA-600PX_Formacio.jpg 598w, https:\/\/mavinil.es\/wp-content\/uploads\/2024\/08\/FOTOS-PORTADA-600PX_Formacio-300x300.jpg 300w, https:\/\/mavinil.es\/wp-content\/uploads\/2024\/08\/FOTOS-PORTADA-600PX_Formacio-150x150.jpg 150w, https:\/\/mavinil.es\/wp-content\/uploads\/2024\/08\/FOTOS-PORTADA-600PX_Formacio-12x12.jpg 12w\" sizes=\"auto, (max-width: 598px) 100vw, 598px\" \/><\/a><\/figure>\n\n\n\n<h3 class=\"wp-block-heading has-text-align-center colH6 has-accent-3-color has-text-color has-link-color wp-elements-88b965a77948bf3e8288b405f16d24d6\" style=\"margin-top:10px;margin-bottom:5px;padding-top:0px;padding-bottom:0px\"><a href=\"https:\/\/mavinil.es\/index.php\/formacio\/\" data-type=\"page\" data-id=\"409\">Formaci\u00f3<\/a><\/h3>\n<\/div>\n<\/div>\n\n\n\n<div class=\"wp-block-columns is-layout-flex wp-container-core-columns-is-layout-5 wp-block-columns-is-layout-flex\" style=\"margin-top:30px;padding-top:0px;padding-bottom:0px\">\n<div class=\"wp-block-column is-layout-flow wp-block-column-is-layout-flow\" style=\"border-bottom-color:var(--wp--preset--color--custom-color-7);border-bottom-width:7px\">\n<figure class=\"wp-block-image size-full\"><a href=\"https:\/\/mavinil.es\/index.php\/separacio-de-fibres\/\"><img loading=\"lazy\" decoding=\"async\" width=\"598\" height=\"598\" src=\"https:\/\/mavinil.es\/wp-content\/uploads\/2024\/08\/FOTOS-PORTADA-600PX_separacio-bicapa.jpg\" alt=\"\" class=\"wp-image-220\" srcset=\"https:\/\/mavinil.es\/wp-content\/uploads\/2024\/08\/FOTOS-PORTADA-600PX_separacio-bicapa.jpg 598w, https:\/\/mavinil.es\/wp-content\/uploads\/2024\/08\/FOTOS-PORTADA-600PX_separacio-bicapa-300x300.jpg 300w, https:\/\/mavinil.es\/wp-content\/uploads\/2024\/08\/FOTOS-PORTADA-600PX_separacio-bicapa-150x150.jpg 150w, https:\/\/mavinil.es\/wp-content\/uploads\/2024\/08\/FOTOS-PORTADA-600PX_separacio-bicapa-12x12.jpg 12w\" sizes=\"auto, (max-width: 598px) 100vw, 598px\" \/><\/a><\/figure>\n\n\n\n<h3 class=\"wp-block-heading has-text-align-center colH7 has-accent-3-color has-text-color has-link-color wp-elements-99d1844a489a74fdbc453d34dd84b957\" style=\"margin-top:10px;margin-bottom:5px;padding-top:0px;padding-bottom:0px\"><a href=\"https:\/\/mavinil.es\/index.php\/separacio-de-fibres\/\" data-type=\"page\" data-id=\"148\">Separaci\u00f3 de bicapa<\/a><\/h3>\n<\/div>\n\n\n\n<div class=\"wp-block-column is-layout-flow wp-block-column-is-layout-flow\" style=\"border-bottom-color:var(--wp--preset--color--custom-color-8);border-bottom-width:7px\">\n<figure class=\"wp-block-image size-full\"><a href=\"https:\/\/mavinil.es\/index.php\/qui-som\/\"><img loading=\"lazy\" decoding=\"async\" width=\"598\" height=\"598\" src=\"https:\/\/mavinil.es\/wp-content\/uploads\/2024\/08\/FOTOS-PORTADA-600PX_QUi-som.jpg\" alt=\"\" class=\"wp-image-221\" srcset=\"https:\/\/mavinil.es\/wp-content\/uploads\/2024\/08\/FOTOS-PORTADA-600PX_QUi-som.jpg 598w, https:\/\/mavinil.es\/wp-content\/uploads\/2024\/08\/FOTOS-PORTADA-600PX_QUi-som-300x300.jpg 300w, https:\/\/mavinil.es\/wp-content\/uploads\/2024\/08\/FOTOS-PORTADA-600PX_QUi-som-150x150.jpg 150w, https:\/\/mavinil.es\/wp-content\/uploads\/2024\/08\/FOTOS-PORTADA-600PX_QUi-som-12x12.jpg 12w\" sizes=\"auto, (max-width: 598px) 100vw, 598px\" \/><\/a><\/figure>\n\n\n\n<h3 class=\"wp-block-heading has-text-align-center colH8 has-accent-3-color has-text-color has-link-color wp-elements-7717675b4079a5db4cac542c72dca2b7\" style=\"margin-top:10px;margin-bottom:5px;padding-top:0px;padding-bottom:0px\"><a href=\"https:\/\/mavinil.es\/index.php\/qui-som\/\" data-type=\"page\" data-id=\"154\">Qui som<\/a><\/h3>\n<\/div>\n\n\n\n<div class=\"wp-block-column is-layout-flow wp-block-column-is-layout-flow\" style=\"border-bottom-color:var(--wp--preset--color--custom-color-9);border-bottom-width:7px\">\n<figure class=\"wp-block-image size-full\"><a href=\"https:\/\/mavinil.es\/index.php\/sostenibilitat\/\"><img loading=\"lazy\" decoding=\"async\" width=\"598\" height=\"598\" src=\"https:\/\/mavinil.es\/wp-content\/uploads\/2024\/08\/FOTOS-PORTADA-600PX_Sostenibilitat.jpg\" alt=\"\" class=\"wp-image-222\" srcset=\"https:\/\/mavinil.es\/wp-content\/uploads\/2024\/08\/FOTOS-PORTADA-600PX_Sostenibilitat.jpg 598w, https:\/\/mavinil.es\/wp-content\/uploads\/2024\/08\/FOTOS-PORTADA-600PX_Sostenibilitat-300x300.jpg 300w, https:\/\/mavinil.es\/wp-content\/uploads\/2024\/08\/FOTOS-PORTADA-600PX_Sostenibilitat-150x150.jpg 150w, https:\/\/mavinil.es\/wp-content\/uploads\/2024\/08\/FOTOS-PORTADA-600PX_Sostenibilitat-12x12.jpg 12w\" sizes=\"auto, (max-width: 598px) 100vw, 598px\" \/><\/a><\/figure>\n\n\n\n<h3 class=\"wp-block-heading has-text-align-center colH9 has-accent-3-color has-text-color has-link-color wp-elements-32b20a099498afedc5adada442484351\" style=\"margin-top:10px;margin-bottom:5px;padding-top:0px;padding-bottom:0px\"><a href=\"https:\/\/mavinil.es\/index.php\/sostenibilitat\/\" data-type=\"page\" data-id=\"411\">Sostenibilitat<\/a><\/h3>\n<\/div>\n<\/div>\n<\/div>\n","protected":false},"excerpt":{"rendered":"<p>Excel\u00b7l\u00e8nciaen el tractamentde mat\u00e8ries pl\u00e0stiques. Laboratori I+D Separaci\u00f3 de PVC bicapaResultats aptes per als sectors de la injecci\u00f3, calandrant o extrusi\u00f3. Donem respostespersonalitzades per oferirla millor soluci\u00f3. Trituraci\u00f3 Micronitzaci\u00f3 Separaci\u00f3 de fibres Altres activitats Laboratori I+D Formaci\u00f3 Separaci\u00f3 de bicapa Qui som Sostenibilitat<\/p>\n","protected":false},"author":1,"featured_media":0,"parent":0,"menu_order":0,"comment_status":"closed","ping_status":"closed","template":"page-no-title","meta":{"footnotes":""},"class_list":["post-96","page","type-page","status-publish","hentry"],"_links":{"self":[{"href":"https:\/\/mavinil.es\/index.php\/wp-json\/wp\/v2\/pages\/96","targetHints":{"allow":["GET"]}}],"collection":[{"href":"https:\/\/mavinil.es\/index.php\/wp-json\/wp\/v2\/pages"}],"about":[{"href":"https:\/\/mavinil.es\/index.php\/wp-json\/wp\/v2\/types\/page"}],"author":[{"embeddable":true,"href":"https:\/\/mavinil.es\/index.php\/wp-json\/wp\/v2\/users\/1"}],"replies":[{"embeddable":true,"href":"https:\/\/mavinil.es\/index.php\/wp-json\/wp\/v2\/comments?post=96"}],"version-history":[{"count":85,"href":"https:\/\/mavinil.es\/index.php\/wp-json\/wp\/v2\/pages\/96\/revisions"}],"predecessor-version":[{"id":1328,"href":"https:\/\/mavinil.es\/index.php\/wp-json\/wp\/v2\/pages\/96\/revisions\/1328"}],"wp:attachment":[{"href":"https:\/\/mavinil.es\/index.php\/wp-json\/wp\/v2\/media?parent=96"}],"curies":[{"name":"wp","href":"https:\/\/api.w.org\/{rel}","templated":true}]}}