{"id":995,"date":"2024-08-14T14:28:25","date_gmt":"2024-08-14T14:28:25","guid":{"rendered":"https:\/\/mavinil.es\/?page_id=995"},"modified":"2024-09-13T12:12:21","modified_gmt":"2024-09-13T12:12:21","slug":"politica-de-privacidad","status":"publish","type":"page","link":"https:\/\/mavinil.es\/index.php\/es\/politica-de-privacidad\/","title":{"rendered":"Aviso Legal y Pol\u00edtica de privacitat &#8211; ESP"},"content":{"rendered":"\n<h3 class=\"wp-block-heading\">Aviso Legal y Pol\u00edtica de privacitat<\/h3>\n\n\n\n<h3 class=\"wp-block-heading\">Introducci\u00f3n<\/h3>\n\n\n\n<p>MAVINIL S.A. es una empresa que ha desarrollado procedimientos globales sobre el uso de la informaci\u00f3n con el fin de garantizar el respeto de la privacidad y la protecci\u00f3n de los datos de los usuarios. Nuestra Pol\u00edtica de Privacidad expone los procedimientos que aplica MAVINIL S.A. a la informaci\u00f3n enviada por Internet para el manejo de los datos de caracter personal y no personal, y est\u00e1 elaborada de acuerdo con las leyes y normativas aplicables en Espa\u00f1a. Le rogamos que lea atentamente esta Pol\u00edtica de Privacidad antes de utilizar el sitio web de MAVINIL S.A. (en adelante \u201cSitio\u201d).<\/p>\n\n\n\n<h3 class=\"wp-block-heading\">\u00bfC\u00f3mo se utiliza su informaci\u00f3n?<\/h3>\n\n\n\n<p>MAVINIL S.A. no vender\u00e1, alquilar\u00e1, prestar\u00e1 ni ceder\u00e1 su informaci\u00f3n personal a terceros a menos que usted lo autorice o MAVINIL S.A. est\u00e9 obligada a hacerlo por ley. MAVINIL S.A. no usar\u00e1 ni compartir\u00e1 la informaci\u00f3n personal que usted nos facilite a trav\u00e9s de Internet para fines no relacionados con los aqu\u00ed descritos sin comunic\u00e1rselo previamente para que usted pueda rechazar tal posibilidad. S\u00f3lo compartiremos su informaci\u00f3n personal con entidades de MAVINIL S.A. (incluidas empresas filiales y asociadas) y\/o con colaboradores que act\u00faen en nuestro nombre para suministrar el servicio o la informaci\u00f3n que usted ha solicitado, as\u00ed como para consolidar el almacenamiento de datos o para simplificar la gesti\u00f3n de los datos de los clientes. Dichas entidades y\/o colaboradores de MAVINIL S.A. est\u00e1n sujetos a nuestra Pol\u00edtica de Privacidad con respecto al uso de la informaci\u00f3n de car\u00e1cter personal, as\u00ed como a los acuerdos de confidencialidad aplicables en cada caso.<\/p>\n\n\n\n<h3 class=\"wp-block-heading\">\u00bfCu\u00e1nto tiempo conservamos sus datos?<\/h3>\n\n\n\n<p>Los datos personales proporcionados se conservan mientras se lleve a cabo la ejecuci\u00f3n de sus servicios contratados y en los plazos previstos en las disposiciones legales respecto a la prescripci\u00f3n de la responsabilidad que pueda derivar del mismo.<\/p>\n\n\n\n<h3 class=\"wp-block-heading\">\u00bfQu\u00e9 informaci\u00f3n recopilamos?<\/h3>\n\n\n\n<p><strong>Informaci\u00f3n no personal:<\/strong><\/p>\n\n\n\n<p>Al visitar nuestro Sitio, usted puede realizar diversas operaciones sin necesidad de facilitarnos sus datos personales. Sin embargo, empleamos para recopilar y reunir informaci\u00f3n sobre las p\u00e1ginas visitadas, el orden en el que han sido visitadas y los enlaces utilizados, entre otros datos. Dicha informaci\u00f3n no est\u00e1 relacionada con ning\u00fan dato de identificaci\u00f3n personal. La informaci\u00f3n de car\u00e1cter no personal que recopilamos nos ayuda a identificar las zonas m\u00e1s visitadas de nuestro Sitio y a conocer la eficacia de nuestras actividades promocionales.<\/p>\n\n\n\n<p><strong>Informaci\u00f3n personal:<\/strong><\/p>\n\n\n\n<p>En algunos espacios del sitio de MAVINIL S.A., puede realizar solicitudes, expresar su opini\u00f3n o suscribirse a uno de nuestros servicios en Internet. Los datos de identificaci\u00f3n personales que pueden recopilarse en dichas p\u00e1ginas pueden ser del mismo tipo que los siguientes: nombre, direcci\u00f3n, direcci\u00f3n de correo electr\u00f3nico, n\u00famero de tel\u00e9fono, n\u00famero de fax e informaci\u00f3n sobre su opini\u00f3n y uso de diversos servicios. MAVINIL S.A. utiliza todos estos datos para comprender mejor sus necesidades y ofrecerle un mejor servicio.<\/p>\n\n\n\n<h3 class=\"wp-block-heading\">\u00bfPor qu\u00e9 recopilamos su informaci\u00f3n personal?<\/h3>\n\n\n\n<p><strong>Listas de correo<\/strong><\/p>\n\n\n\n<p>En ocasiones, MAVINIL S.A. ofrece a los visitantes la posibilidad de facilitar su direcci\u00f3n de correo electr\u00f3nico con el fin de recibir un bolet\u00edn de noticias o informaci\u00f3n sobre un servicio. Estas direcciones de correo s\u00f3lo se utilizar\u00e1n con esta finalidad y nunca se compartir\u00e1n con otras empresas que no sean filiales de MAVINIL S.A. a menos que usted as\u00ed lo autorice. Adem\u00e1s, siempre le daremos la oportunidad de rechazar la recepci\u00f3n de dichos materiales.<\/p>\n\n\n\n<h3 class=\"wp-block-heading\">\u00bfC\u00f3mo protegemos su informaci\u00f3n?<\/h3>\n\n\n\n<p>Para impedir el acceso o la revelaci\u00f3n de datos no autorizados, as\u00ed como para mantener la precisi\u00f3n de los datos y garantizar un uso adecuado de la informaci\u00f3n, hemos empleado medios f\u00edsicos, electr\u00f3nicos y de gesti\u00f3n para salvaguardar los datos que recopilamos a trav\u00e9s de Internet.<\/p>\n\n\n\n<h3 class=\"wp-block-heading\">Sitios web de terceros<\/h3>\n\n\n\n<p>Nuestra Pol\u00edtica de Privacidad s\u00f3lo se aplica a los espacios del sitio web controlados por MAVINIL S.A. y los enlaces a sitios web de terceros s\u00f3lo se facilitan para su comodidad. Es recomendable que consulte la pol\u00edtica de privacidad de dichos sitios web antes de facilitarles datos de car\u00e1cter personal. MAVINIL S.A. no ha revisado todos los sitios web de terceros, no tiene control alguno sobre ellos y declina toda responsabilidad con respecto a dichos sitios, su contenido y sus pol\u00edticas de privacidad. Por ello, MAVINIL S.A. no aprueba ni act\u00faa en representaci\u00f3n de dichos sitios web ni de la informaci\u00f3n, los productos u otros materiales que puedan contener.<\/p>\n\n\n\n<h3 class=\"wp-block-heading\">\u00bfCu\u00e1les son sus derechos?<\/h3>\n\n\n\n<ul class=\"wp-block-list\">\n<li>Cualquier persona tiene derecho a obtener confirmaci\u00f3n sobre si MAVINIL S.A estamos tratando datos personales que le conciernen, o no.<\/li>\n\n\n\n<li>Las personas interesadas tienen derecho a acceder a sus datos personales, as\u00ed como a solicitar la rectificaci\u00f3n de los datos inexactos o, si cabe, solicitar la supresi\u00f3n, entre otros motivos, cuando los datos ya no sean necesarios para las finalidades para las cuales se recogieron.<\/li>\n\n\n\n<li>En determinadas circunstancias previstas en el articulo 18 RGPD, los interesados pueden solicitar la limitaci\u00f3n del tratamiento de sus datos. En este caso, \u00fanicamente las conservaremos para ejercer o defesar reclamaciones.<\/li>\n\n\n\n<li>En virtud del derecho a la portabilidad, los interesados tienen derecho a obtener sus datos personales en un formato estructurado de uso com\u00fan y lectura mec\u00e1nica y a transmitirlos a otro responsable.<\/li>\n<\/ul>\n\n\n\n<h3 class=\"wp-block-heading\">\u00bfC\u00f3mo ponerse en contacto con nosotros?<\/h3>\n\n\n\n<p>El interesado puede ejercer sus derechos dirigi\u00e9ndose por escrito a nuestra direcci\u00f3n Ctra. C-35 Km 57,5 08470 Sant Celoni (Barcelona) adjuntando copia del DNI. O a trav\u00e9s de la siguiente direcci\u00f3n de correo electr\u00f3nico: <a href=\"mailto:info@mavinil.es?subject=Consulta%20o%20comentario%20sobre%20su%20pol%C3%ADtica%20de%20privacidad\">info@mavinil.es<\/a>.<\/p>\n\n\n\n<h3 class=\"wp-block-heading\">Datos de contacto<\/h3>\n\n\n\n<p><strong><u>MAVINIL S.A.<\/u><\/strong><br>Ctra. C-35 Km 57,5<br>08470 Sant Celoni<br>(Barcelona)<br>Tel. 93 867 62 36<br>info@mavinil.es<\/p>\n","protected":false},"excerpt":{"rendered":"<p>Aviso Legal y Pol\u00edtica de privacitat Introducci\u00f3n MAVINIL S.A. es una empresa que ha desarrollado procedimientos globales sobre el uso de la informaci\u00f3n con el fin de garantizar el respeto de la privacidad y la protecci\u00f3n de los datos de los usuarios. Nuestra Pol\u00edtica de Privacidad expone los procedimientos que aplica MAVINIL S.A. a la [&hellip;]<\/p>\n","protected":false},"author":1,"featured_media":0,"parent":0,"menu_order":100,"comment_status":"closed","ping_status":"closed","template":"wp-custom-template-p-gina-sense-t-tol-esp","meta":{"footnotes":""},"class_list":["post-995","page","type-page","status-publish","hentry"],"_links":{"self":[{"href":"https:\/\/mavinil.es\/index.php\/wp-json\/wp\/v2\/pages\/995","targetHints":{"allow":["GET"]}}],"collection":[{"href":"https:\/\/mavinil.es\/index.php\/wp-json\/wp\/v2\/pages"}],"about":[{"href":"https:\/\/mavinil.es\/index.php\/wp-json\/wp\/v2\/types\/page"}],"author":[{"embeddable":true,"href":"https:\/\/mavinil.es\/index.php\/wp-json\/wp\/v2\/users\/1"}],"replies":[{"embeddable":true,"href":"https:\/\/mavinil.es\/index.php\/wp-json\/wp\/v2\/comments?post=995"}],"version-history":[{"count":6,"href":"https:\/\/mavinil.es\/index.php\/wp-json\/wp\/v2\/pages\/995\/revisions"}],"predecessor-version":[{"id":1288,"href":"https:\/\/mavinil.es\/index.php\/wp-json\/wp\/v2\/pages\/995\/revisions\/1288"}],"wp:attachment":[{"href":"https:\/\/mavinil.es\/index.php\/wp-json\/wp\/v2\/media?parent=995"}],"curies":[{"name":"wp","href":"https:\/\/api.w.org\/{rel}","templated":true}]}}